CRAN Package Check Results for Package INLAMSM

Last updated on 2021-06-21 19:48:51 CEST.

Flavor Version Tinstall Tcheck Ttotal Status Flags
r-devel-linux-x86_64-debian-clang 0.2-3 16.92 162.89 179.81 NOTE
r-devel-linux-x86_64-debian-gcc 0.2-3 15.15 121.07 136.22 NOTE
r-devel-linux-x86_64-fedora-clang 0.2-3 226.54 OK
r-devel-linux-x86_64-fedora-gcc 0.2-3 214.45 OK
r-devel-windows-x86_64 0.2-3 26.00 170.00 196.00 OK
r-devel-windows-x86_64-gcc10-UCRT 0.2-3 NOTE
r-patched-linux-x86_64 0.2-3 15.40 153.92 169.32 NOTE
r-patched-solaris-x86 0.2-3 328.70 NOTE
r-release-linux-x86_64 0.2-3 18.56 153.70 172.26 NOTE
r-release-macos-arm64 0.2-3 NOTE
r-release-macos-x86_64 0.2-3 NOTE
r-release-windows-ix86+x86_64 0.2-3 42.00 175.00 217.00 OK
r-oldrel-macos-x86_64 0.2-3 NOTE

Additional issues

donttest

Check Details

Version: 0.2-3
Check: package dependencies
Result: NOTE
    Package suggested but not available for checking: 'INLA'
Flavors: r-devel-linux-x86_64-debian-clang, r-devel-linux-x86_64-debian-gcc, r-devel-windows-x86_64-gcc10-UCRT, r-patched-linux-x86_64, r-patched-solaris-x86, r-release-linux-x86_64, r-release-macos-arm64, r-release-macos-x86_64, r-oldrel-macos-x86_64