CRAN Package Check Results for Package IMFData

Last updated on 2021-08-02 22:54:33 CEST.

Flavor Version Tinstall Tcheck Ttotal Status Flags
r-devel-linux-x86_64-debian-clang 0.2.0 2.73 28.42 31.15 NOTE
r-devel-linux-x86_64-debian-gcc 0.2.0 1.93 22.05 23.98 NOTE
r-devel-linux-x86_64-fedora-clang 0.2.0 46.56 NOTE
r-devel-linux-x86_64-fedora-gcc 0.2.0 35.79 NOTE
r-devel-windows-x86_64 0.2.0 4.00 47.00 51.00 NOTE
r-devel-windows-x86_64-gcc10-UCRT 0.2.0 NOTE
r-patched-linux-x86_64 0.2.0 NOTE
r-patched-solaris-x86 0.2.0 58.00 NOTE
r-release-linux-x86_64 0.2.0 2.66 27.04 29.70 NOTE
r-release-macos-arm64 0.2.0 NOTE
r-release-macos-x86_64 0.2.0 NOTE
r-release-windows-ix86+x86_64 0.2.0 7.00 36.00 43.00 NOTE
r-oldrel-macos-x86_64 0.2.0 OK
r-oldrel-windows-ix86+x86_64 0.2.0 6.00 45.00 51.00 OK

Additional issues

donttest

Check Details

Version: 0.2.0
Check: LazyData
Result: NOTE
     'LazyData' is specified without a 'data' directory
Flavors: r-devel-linux-x86_64-debian-clang, r-devel-linux-x86_64-debian-gcc, r-devel-linux-x86_64-fedora-clang, r-devel-linux-x86_64-fedora-gcc, r-devel-windows-x86_64, r-devel-windows-x86_64-gcc10-UCRT, r-patched-linux-x86_64, r-patched-solaris-x86, r-release-linux-x86_64, r-release-macos-arm64, r-release-macos-x86_64, r-release-windows-ix86+x86_64