CRAN Package Check Results for Package IGoRRR

Last updated on 2022-09-28 21:51:39 CEST.

Flavor Version Tinstall Tcheck Ttotal Status Flags
r-devel-linux-x86_64-debian-clang 0.3.2 18.09 108.74 126.83 OK
r-devel-linux-x86_64-debian-gcc 0.3.2 15.30 77.72 93.02 OK
r-devel-linux-x86_64-fedora-clang 0.3.2 175.03 NOTE
r-devel-linux-x86_64-fedora-gcc 0.3.2 156.58 OK
r-devel-windows-x86_64 0.3.2 37.00 126.00 163.00 OK
r-patched-linux-x86_64 0.3.2 18.31 99.69 118.00 OK
r-release-linux-x86_64 0.3.2 15.58 100.84 116.42 OK
r-release-macos-arm64 0.3.2 43.00 OK
r-release-macos-x86_64 0.3.2 69.00 OK
r-release-windows-x86_64 0.3.2 42.00 128.00 170.00 OK
r-oldrel-macos-arm64 0.3.2 43.00 OK
r-oldrel-macos-x86_64 0.3.2 55.00 OK
r-oldrel-windows-ix86+x86_64 0.3.2 41.00 128.00 169.00 OK

Check Details

Version: 0.3.2
Check: package dependencies
Result: NOTE
    Imports includes 30 non-default packages.
    Importing from so many packages makes the package vulnerable to any of
    them becoming unavailable. Move as many as possible to Suggests and
    use conditionally.
Flavor: r-devel-linux-x86_64-fedora-clang