Last updated on 2023-10-02 19:11:11 CEST.
Flavor | Version | Tinstall | Tcheck | Ttotal | Status | Flags |
---|---|---|---|---|---|---|
r-devel-linux-x86_64-debian-clang | 0.3.4 | 23.56 | 102.19 | 125.75 | OK | |
r-devel-linux-x86_64-debian-gcc | 0.3.4 | 16.11 | 75.70 | 91.81 | OK | |
r-devel-linux-x86_64-fedora-clang | 0.3.4 | 159.57 | NOTE | |||
r-devel-linux-x86_64-fedora-gcc | 0.3.4 | 153.57 | OK | |||
r-devel-windows-x86_64 | 0.3.4 | 18.00 | 91.00 | 109.00 | OK | |
r-patched-linux-x86_64 | 0.3.4 | 12.59 | 96.17 | 108.76 | OK | |
r-release-linux-x86_64 | 0.3.4 | 17.26 | 96.42 | 113.68 | OK | |
r-release-macos-arm64 | 0.3.4 | 47.00 | OK | |||
r-release-macos-x86_64 | 0.3.4 | 76.00 | OK | |||
r-release-windows-x86_64 | 0.3.4 | 22.00 | 104.00 | 126.00 | OK | |
r-oldrel-macos-arm64 | 0.3.4 | 37.00 | OK | |||
r-oldrel-macos-x86_64 | 0.3.4 | 68.00 | OK | |||
r-oldrel-windows-x86_64 | 0.3.4 | 25.00 | 115.00 | 140.00 | OK |
Version: 0.3.4
Check: package dependencies
Result: NOTE
Imports includes 31 non-default packages.
Importing from so many packages makes the package vulnerable to any of
them becoming unavailable. Move as many as possible to Suggests and
use conditionally.
Flavor: r-devel-linux-x86_64-fedora-clang