CRAN Package Check Results for Package IFC

Last updated on 2021-06-24 01:50:23 CEST.

Flavor Version Tinstall Tcheck Ttotal Status Flags
r-devel-linux-x86_64-debian-clang 0.1.1 46.25 98.55 144.80 NOTE
r-devel-linux-x86_64-debian-gcc 0.1.1 38.42 72.06 110.48 NOTE
r-devel-linux-x86_64-fedora-clang 0.1.1 195.70 NOTE
r-devel-linux-x86_64-fedora-gcc 0.1.1 182.17 NOTE
r-devel-windows-x86_64 0.1.1 67.00 119.00 186.00 NOTE
r-devel-windows-x86_64-gcc10-UCRT 0.1.1 NOTE
r-patched-linux-x86_64 0.1.1 47.18 95.85 143.03 NOTE
r-patched-solaris-x86 0.1.1 191.60 NOTE
r-release-linux-x86_64 0.1.1 42.30 94.39 136.69 NOTE
r-release-macos-arm64 0.1.1 NOTE
r-release-macos-x86_64 0.1.1 NOTE
r-release-windows-ix86+x86_64 0.1.1 79.00 132.00 211.00 NOTE
r-oldrel-macos-x86_64 0.1.1 NOTE

Check Details

Version: 0.1.1
Check: package dependencies
Result: NOTE
    Package suggested but not available for checking: 'IFCdata'
Flavors: r-devel-linux-x86_64-debian-clang, r-devel-linux-x86_64-debian-gcc, r-devel-linux-x86_64-fedora-clang, r-devel-linux-x86_64-fedora-gcc, r-devel-windows-x86_64, r-devel-windows-x86_64-gcc10-UCRT, r-patched-linux-x86_64, r-patched-solaris-x86, r-release-linux-x86_64, r-release-macos-arm64, r-release-macos-x86_64, r-release-windows-ix86+x86_64, r-oldrel-macos-x86_64

Version: 0.1.1
Check: installed package size
Result: NOTE
     installed size is 5.9Mb
     sub-directories of 1Mb or more:
     libs 4.7Mb
Flavor: r-release-macos-arm64