CRAN Package Check Results for Package IDPmisc

Last updated on 2021-10-18 13:53:59 CEST.

Flavor Version Tinstall Tcheck Ttotal Status Flags
r-devel-linux-x86_64-debian-clang 1.1.20 8.39 56.47 64.86 OK
r-devel-linux-x86_64-debian-gcc 1.1.20 6.16 41.78 47.94 OK
r-devel-linux-x86_64-fedora-clang 1.1.20 88.34 NOTE
r-devel-linux-x86_64-fedora-gcc 1.1.20 75.04 OK
r-devel-windows-x86_64 1.1.20 13.00 82.00 95.00 OK
r-devel-windows-x86_64-gcc10-UCRT 1.1.20 OK
r-patched-linux-x86_64 1.1.20 8.44 55.29 63.73 OK
r-patched-solaris-x86 1.1.20 104.80 OK
r-release-linux-x86_64 1.1.20 6.90 54.97 61.87 OK
r-release-macos-arm64 1.1.20 OK
r-release-macos-x86_64 1.1.20 OK
r-release-windows-ix86+x86_64 1.1.20 14.00 108.00 122.00 OK
r-oldrel-macos-x86_64 1.1.20 OK
r-oldrel-windows-ix86+x86_64 1.1.20 16.00 101.00 117.00 OK

Check Details

Version: 1.1.20
Check: Rd cross-references
Result: NOTE
    Undeclared packages ‘sfsmisc’, ‘RColorBrewer’, ‘hexbin’ in Rd xrefs
Flavor: r-devel-linux-x86_64-fedora-clang