CRAN Package Check Results for Package ICD10gm

Last updated on 2023-03-26 18:54:39 CEST.

Flavor Version Tinstall Tcheck Ttotal Status Flags
r-devel-linux-x86_64-debian-clang 1.2.5 40.48 208.38 248.86 OK
r-devel-linux-x86_64-debian-gcc 1.2.5 40.45 151.03 191.48 OK
r-devel-linux-x86_64-fedora-gcc 1.2.5 328.37 NOTE
r-devel-windows-x86_64 1.2.5 53.00 234.00 287.00 OK
r-patched-linux-x86_64 1.2.5 51.78 196.92 248.70 OK
r-release-linux-x86_64 1.2.5 45.10 198.26 243.36 OK
r-release-macos-arm64 1.2.5 100.00 OK
r-release-macos-x86_64 1.2.5 118.00 OK
r-release-windows-x86_64 1.2.5 57.00 244.00 301.00 OK
r-oldrel-macos-arm64 1.2.5 94.00 OK
r-oldrel-macos-x86_64 1.2.5 122.00 OK
r-oldrel-windows-ix86+x86_64 1.2.5 70.00 250.00 320.00 OK

Check Details

Version: 1.2.5
Check: data for non-ASCII characters
Result: NOTE
     Note: found 356712 marked UTF-8 strings
Flavor: r-devel-linux-x86_64-fedora-gcc