CRAN Package Check Results for Package HistDAWass

Last updated on 2022-09-28 06:54:08 CEST.

Flavor Version Tinstall Tcheck Ttotal Status Flags
r-devel-linux-x86_64-debian-clang 1.0.6 73.45 159.27 232.72 ERROR
r-devel-linux-x86_64-debian-gcc 1.0.7 54.92 122.12 177.04 OK
r-devel-linux-x86_64-fedora-clang 1.0.7 335.96 NOTE
r-devel-linux-x86_64-fedora-gcc 1.0.7 311.21 NOTE
r-devel-windows-x86_64 1.0.6 154.00 227.00 381.00 OK
r-patched-linux-x86_64 1.0.6 47.68 155.48 203.16 OK
r-release-linux-x86_64 1.0.6 58.52 152.70 211.22 OK
r-release-macos-arm64 1.0.7 79.00 NOTE
r-release-macos-x86_64 1.0.6 108.00 NOTE
r-release-windows-x86_64 1.0.7 56.00 243.00 299.00 OK
r-oldrel-macos-arm64 1.0.7 74.00 NOTE
r-oldrel-macos-x86_64 1.0.6 79.00 NOTE
r-oldrel-windows-ix86+x86_64 1.0.7 114.00 266.00 380.00 OK

Check Details

Version: 1.0.6
Check: examples
Result: ERROR
    Running examples in 'HistDAWass-Ex.R' failed
    The error most likely occurred in:
    
    > base::assign(".ptime", proc.time(), pos = "CheckExEnv")
    > ### Name: plot-HTS
    > ### Title: Method plot for a histogram time series
    > ### Aliases: plot-HTS plot,HTS-method
    >
    > ### ** Examples
    >
    > plot(subsetHTS(RetHTS, from = 1, to = 10)) # plots RetHTS dataset
    Error in as.data.frame.default(x[[i]], optional = TRUE) :
     cannot coerce class '"function"' to a data.frame
    Calls: plot ... data.frame -> as.data.frame -> as.data.frame.default
    Execution halted
Flavor: r-devel-linux-x86_64-debian-clang

Version: 1.0.7
Check: dependencies in R code
Result: NOTE
    Namespace in Imports field not imported from: ‘plyr’
     All declared Imports should be used.
Flavors: r-devel-linux-x86_64-fedora-clang, r-devel-linux-x86_64-fedora-gcc, r-release-macos-arm64, r-oldrel-macos-arm64

Version: 1.0.7
Check: installed package size
Result: NOTE
     installed size is 7.1Mb
     sub-directories of 1Mb or more:
     data 1.0Mb
     libs 5.1Mb
Flavors: r-release-macos-arm64, r-oldrel-macos-arm64

Version: 1.0.6
Check: installed package size
Result: NOTE
     installed size is 7.7Mb
     sub-directories of 1Mb or more:
     data 1.0Mb
     libs 5.9Mb
Flavors: r-release-macos-x86_64, r-oldrel-macos-x86_64