Last updated on 2023-10-03 13:07:34 CEST.
Flavor | Version | Tinstall | Tcheck | Ttotal | Status | Flags |
---|---|---|---|---|---|---|
r-devel-linux-x86_64-debian-clang | 1.0.7 | 78.51 | 164.26 | 242.77 | NOTE | |
r-devel-linux-x86_64-debian-gcc | 1.0.7 | 53.80 | 120.83 | 174.63 | NOTE | |
r-devel-linux-x86_64-fedora-clang | 1.0.7 | 327.28 | NOTE | |||
r-devel-linux-x86_64-fedora-gcc | 1.0.7 | 309.49 | NOTE | |||
r-devel-windows-x86_64 | 1.0.7 | 61.00 | 163.00 | 224.00 | NOTE | |
r-patched-linux-x86_64 | 1.0.7 | 54.58 | 155.86 | 210.44 | NOTE | |
r-release-linux-x86_64 | 1.0.7 | 70.81 | 156.23 | 227.04 | NOTE | |
r-release-macos-arm64 | 1.0.7 | 86.00 | NOTE | |||
r-release-macos-x86_64 | 1.0.7 | 137.00 | NOTE | |||
r-release-windows-x86_64 | 1.0.7 | 83.00 | 204.00 | 287.00 | NOTE | |
r-oldrel-macos-arm64 | 1.0.7 | 79.00 | NOTE | |||
r-oldrel-macos-x86_64 | 1.0.7 | 109.00 | NOTE | |||
r-oldrel-windows-x86_64 | 1.0.7 | 72.00 | 178.00 | 250.00 | OK |
Version: 1.0.7
Check: C++ specification
Result: NOTE
Specified C++11: please drop specification unless essential
Flavors: r-devel-linux-x86_64-debian-clang, r-devel-linux-x86_64-debian-gcc, r-devel-linux-x86_64-fedora-clang, r-devel-linux-x86_64-fedora-gcc, r-devel-windows-x86_64, r-patched-linux-x86_64, r-release-linux-x86_64, r-release-macos-arm64, r-release-macos-x86_64, r-release-windows-x86_64
Version: 1.0.7
Check: Rd contents
Result: NOTE
Auto-generated content requiring editing in Rd object 'HistDAWass-package':
\details: ‘...o use the package, including the most important functions ~~’
Flavors: r-devel-linux-x86_64-debian-clang, r-devel-linux-x86_64-debian-gcc, r-devel-linux-x86_64-fedora-clang, r-devel-linux-x86_64-fedora-gcc, r-devel-windows-x86_64
Version: 1.0.7
Check: dependencies in R code
Result: NOTE
Namespace in Imports field not imported from: ‘plyr’
All declared Imports should be used.
Flavors: r-devel-linux-x86_64-fedora-clang, r-devel-linux-x86_64-fedora-gcc, r-oldrel-macos-arm64, r-oldrel-macos-x86_64
Version: 1.0.7
Check: installed package size
Result: NOTE
installed size is 7.1Mb
sub-directories of 1Mb or more:
data 1.0Mb
libs 5.1Mb
Flavors: r-release-macos-arm64, r-release-macos-x86_64, r-oldrel-macos-arm64, r-oldrel-macos-x86_64