CRAN Package Check Results for Package HiResTEC

Last updated on 2021-09-26 19:49:00 CEST.

Flavor Version Tinstall Tcheck Ttotal Status Flags
r-devel-linux-x86_64-debian-clang 0.59 8.50 53.31 61.81 OK
r-devel-linux-x86_64-debian-gcc 0.59 5.80 41.12 46.92 OK
r-devel-linux-x86_64-fedora-clang 0.59 80.01 OK
r-devel-linux-x86_64-fedora-gcc 0.59 69.51 OK
r-devel-windows-x86_64 0.59 8.00 62.00 70.00 OK
r-devel-windows-x86_64-gcc10-UCRT 0.59 OK
r-patched-linux-x86_64 0.59 7.98 50.84 58.82 OK
r-patched-solaris-x86 0.59 105.60 OK
r-release-linux-x86_64 0.59 7.58 51.29 58.87 OK
r-release-macos-arm64 0.59 OK
r-release-macos-x86_64 0.59 ERROR
r-release-windows-ix86+x86_64 0.59 18.00 89.00 107.00 OK
r-oldrel-macos-x86_64 0.59 ERROR
r-oldrel-windows-ix86+x86_64 0.59 15.00 70.00 85.00 OK

Check Details

Version: 0.59
Check: package dependencies
Result: ERROR
    Packages required but not available: 'InterpretMSSpectrum', 'Rdisop'
    
    See section ‘The DESCRIPTION file’ in the ‘Writing R Extensions’
    manual.
Flavors: r-release-macos-x86_64, r-oldrel-macos-x86_64