CRAN Package Check Results for Package HUM

Last updated on 2021-08-02 22:54:32 CEST.

Flavor Version Tinstall Tcheck Ttotal Status Flags
r-devel-linux-x86_64-debian-clang 1.0 24.67 40.30 64.97 NOTE
r-devel-linux-x86_64-debian-gcc 1.0 15.26 32.73 47.99 NOTE
r-devel-linux-x86_64-fedora-clang 1.0 90.68 NOTE
r-devel-linux-x86_64-fedora-gcc 1.0 75.95 NOTE
r-devel-windows-x86_64 1.0 22.00 69.00 91.00 NOTE
r-devel-windows-x86_64-gcc10-UCRT 1.0 NOTE
r-patched-linux-x86_64 1.0 NOTE
r-patched-solaris-x86 1.0 94.10 NOTE
r-release-linux-x86_64 1.0 17.24 39.65 56.89 NOTE
r-release-macos-arm64 1.0 NOTE
r-release-macos-x86_64 1.0 NOTE
r-release-windows-ix86+x86_64 1.0 61.00 70.00 131.00 NOTE
r-oldrel-macos-x86_64 1.0 NOTE
r-oldrel-windows-ix86+x86_64 1.0 47.00 96.00 143.00 NOTE

Check Details

Version: 1.0
Check: R code for possible problems
Result: NOTE
    Calculate3D: no visible global function definition for 'persp'
    CalculateHUM_Ex: no visible global function definition for 'combn'
    CalculateHUM_Plot: no visible global function definition for 'polygon'
    CalculateHUM_Plot: no visible global function definition for 'text'
    CalculateHUM_Plot: no visible global function definition for 'points'
    CalculateHUM_Plot: no visible global function definition for 'lines'
    Undefined global functions or variables:
     combn lines persp points polygon text
    Consider adding
     importFrom("graphics", "lines", "persp", "points", "polygon", "text")
     importFrom("utils", "combn")
    to your NAMESPACE file.
Flavors: r-devel-linux-x86_64-debian-clang, r-devel-linux-x86_64-debian-gcc, r-devel-linux-x86_64-fedora-clang, r-devel-linux-x86_64-fedora-gcc, r-devel-windows-x86_64, r-devel-windows-x86_64-gcc10-UCRT, r-patched-linux-x86_64, r-patched-solaris-x86, r-release-linux-x86_64, r-release-macos-arm64, r-release-macos-x86_64, r-release-windows-ix86+x86_64, r-oldrel-macos-x86_64, r-oldrel-windows-ix86+x86_64

Version: 1.0
Check: compiled code
Result: NOTE
    File ‘HUM/libs/HUM.so’:
     Found no calls to: ‘R_registerRoutines’, ‘R_useDynamicSymbols’
    
    It is good practice to register native routines and to disable symbol
    search.
    
    See ‘Writing portable packages’ in the ‘Writing R Extensions’ manual.
Flavors: r-devel-linux-x86_64-fedora-clang, r-devel-linux-x86_64-fedora-gcc