CRAN Package Check Results for Package HTLR

Last updated on 2021-11-26 19:52:52 CET.

Flavor Version Tinstall Tcheck Ttotal Status Flags
r-devel-linux-x86_64-debian-clang 0.4-3 94.15 427.11 521.26 OK
r-devel-linux-x86_64-debian-gcc 0.4-3 64.65 937.18 1001.83 OK
r-devel-linux-x86_64-fedora-clang 0.4-3 540.75 NOTE
r-devel-linux-x86_64-fedora-gcc 0.4-3 847.42 OK
r-devel-windows-x86_64-new-UL 0.4-3 122.00 498.00 620.00 OK
r-devel-windows-x86_64-new-TK 0.4-3 OK
r-devel-windows-x86_64-old 0.4-3 85.00 262.00 347.00 OK
r-patched-linux-x86_64 0.4-3 86.59 648.71 735.30 OK
r-patched-solaris-x86 0.4-3 229.60 OK
r-release-linux-x86_64 0.4-3 OK
r-release-macos-arm64 0.4-3 NOTE
r-release-macos-x86_64 0.4-3 NOTE
r-release-windows-ix86+x86_64 0.4-3 225.00 376.00 601.00 OK
r-oldrel-macos-x86_64 0.4-3 NOTE
r-oldrel-windows-ix86+x86_64 0.4-3 163.00 380.00 543.00 OK

Check Details

Version: 0.4-3
Check: installed package size
Result: NOTE
     installed size is 5.2Mb
     sub-directories of 1Mb or more:
     doc 1.1Mb
     libs 2.9Mb
Flavors: r-devel-linux-x86_64-fedora-clang, r-release-macos-arm64, r-release-macos-x86_64, r-oldrel-macos-x86_64