Last updated on 2023-02-08 18:51:22 CET.
Flavor | Version | Tinstall | Tcheck | Ttotal | Status | Flags |
---|---|---|---|---|---|---|
r-devel-linux-x86_64-debian-clang | 0.1 | 9.43 | 75.33 | 84.76 | NOTE | |
r-devel-linux-x86_64-debian-gcc | 0.1 | 6.41 | 60.04 | 66.45 | NOTE | |
r-devel-linux-x86_64-fedora-clang | 0.1 | 107.37 | NOTE | |||
r-devel-linux-x86_64-fedora-gcc | 0.1 | 104.27 | NOTE | |||
r-devel-windows-x86_64 | 0.1 | 13.00 | 105.00 | 118.00 | NOTE | |
r-patched-linux-x86_64 | 0.1 | 9.39 | 76.63 | 86.02 | NOTE | |
r-release-linux-x86_64 | 0.1 | 9.04 | 74.86 | 83.90 | NOTE | |
r-release-macos-arm64 | 0.1 | 34.00 | NOTE | |||
r-release-macos-x86_64 | 0.1 | 46.00 | NOTE | |||
r-release-windows-x86_64 | 0.1 | 11.00 | 117.00 | 128.00 | NOTE | |
r-oldrel-macos-arm64 | 0.1 | 38.00 | NOTE | |||
r-oldrel-macos-x86_64 | 0.1 | 49.00 | NOTE | |||
r-oldrel-windows-ix86+x86_64 | 0.1 | 17.00 | 98.00 | 115.00 | NOTE |
Version: 0.1
Check: LazyData
Result: NOTE
'LazyData' is specified without a 'data' directory
Flavors: r-devel-linux-x86_64-debian-clang, r-devel-linux-x86_64-debian-gcc, r-devel-linux-x86_64-fedora-clang, r-devel-linux-x86_64-fedora-gcc, r-devel-windows-x86_64, r-patched-linux-x86_64, r-release-linux-x86_64, r-release-macos-arm64, r-release-macos-x86_64, r-release-windows-x86_64, r-oldrel-macos-arm64, r-oldrel-macos-x86_64, r-oldrel-windows-ix86+x86_64