CRAN Package Check Results for Package HDJM

Last updated on 2024-02-21 06:53:11 CET.

Flavor Version Tinstall Tcheck Ttotal Status Flags
r-devel-linux-x86_64-debian-clang 0.1.0 OK
r-devel-linux-x86_64-debian-gcc 0.1.0 52.25 52.83 105.08 OK
r-devel-linux-x86_64-fedora-clang 0.1.0 178.13 OK
r-devel-linux-x86_64-fedora-gcc 0.1.0 208.33 OK
r-devel-windows-x86_64 0.1.0 52.00 93.00 145.00 OK
r-patched-linux-x86_64 0.1.0 65.48 68.58 134.06 OK
r-release-linux-x86_64 0.1.0 66.76 67.18 133.94 OK
r-release-macos-arm64 0.1.0 52.00 NOTE
r-release-macos-x86_64 0.1.0 110.00 NOTE
r-release-windows-x86_64 0.1.0 65.00 105.00 170.00 OK
r-oldrel-macos-arm64 0.1.0 52.00 NOTE
r-oldrel-windows-x86_64 0.1.0 63.00 99.00 162.00 OK

Check Details

Version: 0.1.0
Check: installed package size
Result: NOTE installed size is 6.1Mb sub-directories of 1Mb or more: libs 5.6Mb Flavors: r-release-macos-arm64, r-release-macos-x86_64, r-oldrel-macos-arm64