CRAN Package Check Results for Package GxEScanR

Last updated on 2023-10-02 19:11:11 CEST.

Flavor Version Tinstall Tcheck Ttotal Status Flags
r-devel-linux-x86_64-debian-clang 2.0.2 71.63 98.96 170.59 NOTE
r-devel-linux-x86_64-debian-gcc 2.0.2 56.65 75.03 131.68 NOTE
r-devel-linux-x86_64-fedora-clang 2.0.2 237.27 NOTE
r-devel-linux-x86_64-fedora-gcc 2.0.2 263.17 NOTE
r-devel-windows-x86_64 2.0.2 60.00 107.00 167.00 NOTE
r-patched-linux-x86_64 2.0.2 78.89 94.86 173.75 NOTE
r-release-linux-x86_64 2.0.2 75.28 92.77 168.05 NOTE
r-release-macos-arm64 2.0.2 70.00 NOTE
r-release-macos-x86_64 2.0.2 115.00 NOTE
r-release-windows-x86_64 2.0.2 76.00 126.00 202.00 NOTE
r-oldrel-macos-arm64 2.0.2 61.00 OK
r-oldrel-macos-x86_64 2.0.2 99.00 OK
r-oldrel-windows-x86_64 2.0.2 76.00 124.00 200.00 OK

Check Details

Version: 2.0.2
Check: C++ specification
Result: NOTE
     Specified C++11: please drop specification unless essential
Flavors: r-devel-linux-x86_64-debian-clang, r-devel-linux-x86_64-debian-gcc, r-devel-linux-x86_64-fedora-clang, r-devel-linux-x86_64-fedora-gcc, r-devel-windows-x86_64, r-patched-linux-x86_64, r-release-linux-x86_64, r-release-macos-arm64, r-release-macos-x86_64, r-release-windows-x86_64