CRAN Package Check Results for Package GsymPoint

Last updated on 2023-01-31 21:51:38 CET.

Flavor Version Tinstall Tcheck Ttotal Status Flags
r-devel-linux-x86_64-debian-clang 1.1.1 5.28 44.16 49.44 NOTE
r-devel-linux-x86_64-debian-gcc 1.1.1 4.40 32.66 37.06 NOTE
r-devel-linux-x86_64-fedora-clang 1.1.1 61.12 NOTE
r-devel-linux-x86_64-fedora-gcc 1.1.1 60.04 NOTE
r-devel-windows-x86_64 1.1.1 13.00 71.00 84.00 NOTE
r-patched-linux-x86_64 1.1.1 5.64 40.98 46.62 OK
r-release-linux-x86_64 1.1.1 5.06 41.22 46.28 OK
r-release-macos-arm64 1.1.1 25.00 OK
r-release-macos-x86_64 1.1.1 30.00 OK
r-release-windows-x86_64 1.1.1 22.00 74.00 96.00 OK
r-oldrel-macos-arm64 1.1.1 31.00 OK
r-oldrel-macos-x86_64 1.1.1 37.00 OK
r-oldrel-windows-ix86+x86_64 1.1.1 10.00 66.00 76.00 OK

Check Details

Version: 1.1.1
Check: Rd files
Result: NOTE
    checkRd: (-1) gsym.point.Rd:143: Escaped LaTeX specials: \&
Flavors: r-devel-linux-x86_64-debian-clang, r-devel-linux-x86_64-debian-gcc, r-devel-linux-x86_64-fedora-clang, r-devel-linux-x86_64-fedora-gcc, r-devel-windows-x86_64