CRAN Package Check Results for Package GlarmaVarSel

Last updated on 2021-11-26 19:52:51 CET.

Flavor Version Tinstall Tcheck Ttotal Status Flags
r-devel-linux-x86_64-debian-clang 1.0 9.83 123.16 132.99 OK
r-devel-linux-x86_64-debian-gcc 1.0 7.19 91.34 98.53 OK
r-devel-linux-x86_64-fedora-clang 1.0 162.50 OK
r-devel-linux-x86_64-fedora-gcc 1.0 152.92 OK
r-devel-windows-x86_64-new-UL 1.0 18.00 165.00 183.00 NOTE
r-devel-windows-x86_64-new-TK 1.0 NOTE
r-devel-windows-x86_64-old 1.0 12.00 128.00 140.00 NOTE
r-patched-linux-x86_64 1.0 8.85 118.08 126.93 OK
r-patched-solaris-x86 1.0 206.20 OK
r-release-linux-x86_64 1.0 OK
r-release-macos-arm64 1.0 OK
r-release-macos-x86_64 1.0 OK
r-release-windows-ix86+x86_64 1.0 24.00 145.00 169.00 NOTE
r-oldrel-macos-x86_64 1.0 OK
r-oldrel-windows-ix86+x86_64 1.0 26.00 149.00 175.00 NOTE

Check Details

Version: 1.0
Check: package dependencies
Result: NOTE
    Package suggested but not available for checking: 'doMC'
Flavors: r-devel-windows-x86_64-new-UL, r-devel-windows-x86_64-new-TK, r-devel-windows-x86_64-old, r-release-windows-ix86+x86_64, r-oldrel-windows-ix86+x86_64