CRAN Package Check Results for Package GillespieSSA2

Last updated on 2022-09-30 21:48:57 CEST.

Flavor Version Tinstall Tcheck Ttotal Status Flags
r-devel-linux-x86_64-debian-clang 0.2.10 82.72 576.97 659.69 OK
r-devel-linux-x86_64-debian-gcc 0.2.10 64.31 397.86 462.17 OK
r-devel-linux-x86_64-fedora-clang 0.2.10 889.06 OK
r-devel-linux-x86_64-fedora-gcc 0.2.10 750.68 OK
r-devel-windows-x86_64 0.2.10 87.00 712.00 799.00 OK
r-patched-linux-x86_64 0.2.10 62.60 494.23 556.83 OK
r-release-linux-x86_64 0.2.10 67.91 498.94 566.85 OK
r-release-macos-arm64 0.2.10 172.00 NOTE
r-release-macos-x86_64 0.2.10 285.00 NOTE
r-release-windows-x86_64 0.2.10 91.00 720.00 811.00 OK
r-oldrel-macos-arm64 0.2.10 169.00 NOTE
r-oldrel-macos-x86_64 0.2.10 305.00 NOTE
r-oldrel-windows-ix86+x86_64 0.2.10 201.00 759.00 960.00 OK

Check Details

Version: 0.2.10
Check: installed package size
Result: NOTE
     installed size is 5.6Mb
     sub-directories of 1Mb or more:
     doc 1.7Mb
     libs 3.4Mb
Flavors: r-release-macos-arm64, r-release-macos-x86_64, r-oldrel-macos-arm64, r-oldrel-macos-x86_64