CRAN Package Check Results for Package GetLattesData

Last updated on 2021-08-01 13:49:34 CEST.

Flavor Version Tinstall Tcheck Ttotal Status Flags
r-devel-linux-x86_64-debian-clang 1.4 2.79 39.03 41.82 NOTE
r-devel-linux-x86_64-debian-gcc 1.4 2.13 30.08 32.21 NOTE
r-devel-linux-x86_64-fedora-clang 1.4 61.01 NOTE
r-devel-linux-x86_64-fedora-gcc 1.4 47.83 NOTE
r-devel-windows-x86_64 1.4 4.00 75.00 79.00 NOTE
r-devel-windows-x86_64-gcc10-UCRT 1.4 NOTE
r-patched-linux-x86_64 1.4 NOTE
r-patched-solaris-x86 1.4 75.70 NOTE
r-release-linux-x86_64 1.4 2.45 37.25 39.70 NOTE
r-release-macos-arm64 1.4 WARN
r-release-macos-x86_64 1.4 NOTE
r-release-windows-ix86+x86_64 1.4 7.00 63.00 70.00 NOTE
r-oldrel-macos-x86_64 1.4 OK
r-oldrel-windows-ix86+x86_64 1.4 5.00 64.00 69.00 OK

Check Details

Version: 1.4
Check: LazyData
Result: NOTE
     'LazyData' is specified without a 'data' directory
Flavors: r-devel-linux-x86_64-debian-clang, r-devel-linux-x86_64-debian-gcc, r-devel-linux-x86_64-fedora-clang, r-devel-linux-x86_64-fedora-gcc, r-devel-windows-x86_64, r-devel-windows-x86_64-gcc10-UCRT, r-patched-linux-x86_64, r-patched-solaris-x86, r-release-linux-x86_64, r-release-macos-arm64, r-release-macos-x86_64, r-release-windows-ix86+x86_64

Version: 1.4
Check: re-building of vignette outputs
Result: WARN
    Error(s) in re-building vignettes:
     ...
    --- re-building ‘gld_vignette-ReadLattes.Rmd’ using rmarkdown
    Warning in engine$weave(file, quiet = quiet, encoding = enc) :
     Pandoc (>= 1.12.3) not available. Falling back to R Markdown v1.
    Quitting from lines 85-93 (gld_vignette-ReadLattes.Rmd)
    Error: processing vignette 'gld_vignette-ReadLattes.Rmd' failed with diagnostics:
    polygon edge not found
    --- failed re-building ‘gld_vignette-ReadLattes.Rmd’
    
    SUMMARY: processing the following file failed:
     ‘gld_vignette-ReadLattes.Rmd’
    
    Error: Vignette re-building failed.
    Execution halted
Flavor: r-release-macos-arm64