CRAN Package Check Results for Package GetFREData

Last updated on 2021-08-05 01:49:32 CEST.

Flavor Version Tinstall Tcheck Ttotal Status Flags
r-devel-linux-x86_64-debian-clang 0.6 2.90 28.31 31.21 OK
r-devel-linux-x86_64-debian-gcc 0.6 2.45 21.66 24.11 OK
r-devel-linux-x86_64-fedora-clang 0.6 47.43 NOTE
r-devel-linux-x86_64-fedora-gcc 0.6 37.06 NOTE
r-devel-windows-x86_64 0.6 4.00 52.00 56.00 OK
r-devel-windows-x86_64-gcc10-UCRT 0.6 NOTE
r-patched-linux-x86_64 0.6 3.25 27.24 30.49 OK
r-patched-solaris-x86 0.6 53.40 NOTE
r-release-linux-x86_64 0.6 3.04 27.17 30.21 OK
r-release-macos-arm64 0.6 NOTE
r-release-macos-x86_64 0.6 NOTE
r-release-windows-ix86+x86_64 0.6 9.00 44.00 53.00 OK
r-oldrel-macos-x86_64 0.6 NOTE
r-oldrel-windows-ix86+x86_64 0.6 7.00 43.00 50.00 OK

Check Details

Version: 0.6
Check: dependencies in R code
Result: NOTE
    Namespaces in Imports field not imported from:
     ‘curl’ ‘memoise’ ‘tidyr’
     All declared Imports should be used.
Flavors: r-devel-linux-x86_64-fedora-clang, r-devel-linux-x86_64-fedora-gcc, r-devel-windows-x86_64-gcc10-UCRT, r-patched-solaris-x86, r-release-macos-arm64, r-release-macos-x86_64, r-oldrel-macos-x86_64