CRAN Package Check Results for Package GeomComb

Last updated on 2021-09-25 22:54:06 CEST.

Flavor Version Tinstall Tcheck Ttotal Status Flags
r-devel-linux-x86_64-debian-clang 1.0 13.23 164.73 177.96 NOTE
r-devel-linux-x86_64-debian-gcc 1.0 11.53 119.77 131.30 NOTE
r-devel-linux-x86_64-fedora-clang 1.0 215.06 NOTE
r-devel-linux-x86_64-fedora-gcc 1.0 213.03 NOTE
r-devel-windows-x86_64 1.0 13.00 136.00 149.00 NOTE
r-devel-windows-x86_64-gcc10-UCRT 1.0 NOTE
r-patched-linux-x86_64 1.0 16.34 154.23 170.57 NOTE
r-patched-solaris-x86 1.0 279.00 NOTE
r-release-linux-x86_64 1.0 11.01 155.25 166.26 NOTE
r-release-macos-arm64 1.0 NOTE
r-release-macos-x86_64 1.0 NOTE
r-release-windows-ix86+x86_64 1.0 34.00 185.00 219.00 NOTE
r-oldrel-macos-x86_64 1.0 OK
r-oldrel-windows-ix86+x86_64 1.0 24.00 145.00 169.00 OK

Check Details

Version: 1.0
Check: LazyData
Result: NOTE
     'LazyData' is specified without a 'data' directory
Flavors: r-devel-linux-x86_64-debian-clang, r-devel-linux-x86_64-debian-gcc, r-devel-linux-x86_64-fedora-clang, r-devel-linux-x86_64-fedora-gcc, r-devel-windows-x86_64, r-devel-windows-x86_64-gcc10-UCRT, r-patched-linux-x86_64, r-patched-solaris-x86, r-release-linux-x86_64, r-release-macos-arm64, r-release-macos-x86_64, r-release-windows-ix86+x86_64