CRAN Package Check Results for Package GeoWeightedModel

Last updated on 2022-10-04 19:01:24 CEST.

Flavor Version Tinstall Tcheck Ttotal Status Flags
r-devel-linux-x86_64-debian-clang 1.0.2 4.53 36.39 40.92 OK
r-devel-linux-x86_64-debian-gcc 1.0.2 3.58 28.25 31.83 OK
r-devel-linux-x86_64-fedora-clang 1.0.2 60.84 NOTE
r-devel-linux-x86_64-fedora-gcc 1.0.2 64.21 NOTE
r-devel-windows-x86_64 1.0.2 35.00 64.00 99.00 OK
r-patched-linux-x86_64 1.0.2 2.85 35.03 37.88 OK
r-release-linux-x86_64 1.0.2 3.79 36.46 40.25 OK
r-release-macos-arm64 1.0.2 34.00 NOTE
r-release-macos-x86_64 1.0.2 27.00 NOTE
r-release-windows-x86_64 1.0.2 26.00 68.00 94.00 OK
r-oldrel-macos-arm64 1.0.2 21.00 NOTE
r-oldrel-macos-x86_64 1.0.2 26.00 NOTE
r-oldrel-windows-ix86+x86_64 1.0.2 15.00 63.00 78.00 OK

Check Details

Version: 1.0.2
Check: dependencies in R code
Result: NOTE
    Namespaces in Imports field not imported from:
     ‘DT’ ‘GWmodel’ ‘beepr’ ‘cartography’ ‘dplyr’ ‘raster’ ‘readxl’
     ‘shinyBS’ ‘shinyWidgets’ ‘shinyalert’ ‘shinybusy’ ‘shinyjs’ ‘sp’
     ‘spdep’
     All declared Imports should be used.
Flavors: r-devel-linux-x86_64-fedora-clang, r-devel-linux-x86_64-fedora-gcc, r-release-macos-arm64, r-release-macos-x86_64, r-oldrel-macos-arm64, r-oldrel-macos-x86_64