CRAN Package Check Results for Package GenomicMating

Last updated on 2022-09-26 06:51:12 CEST.

Flavor Version Tinstall Tcheck Ttotal Status Flags
r-devel-linux-x86_64-debian-clang 2.0 41.87 90.92 132.79 WARN
r-devel-linux-x86_64-debian-gcc 2.0 30.20 66.22 96.42 OK
r-devel-linux-x86_64-fedora-clang 2.0 186.23 WARN
r-devel-linux-x86_64-fedora-gcc 2.0 172.53 NOTE
r-devel-windows-x86_64 2.0 62.00 131.00 193.00 OK
r-patched-linux-x86_64 2.0 26.95 84.82 111.77 OK
r-release-linux-x86_64 2.0 26.69 83.85 110.54 OK
r-release-macos-arm64 2.0 45.00 NOTE
r-release-macos-x86_64 2.0 71.00 NOTE
r-release-windows-x86_64 2.0 303.00 130.00 433.00 OK
r-oldrel-macos-arm64 2.0 49.00 NOTE
r-oldrel-macos-x86_64 2.0 69.00 NOTE
r-oldrel-windows-ix86+x86_64 2.0 103.00 146.00 249.00 OK

Additional issues

clang14

Check Details

Version: 2.0
Check: whether package can be installed
Result: WARN
    Found the following significant warnings:
     MatingPrograms.cpp:31:8: warning: use of bitwise '&' with boolean operands [-Wbitwise-instead-of-logical]
     MatingPrograms.cpp:36:8: warning: use of bitwise '&' with boolean operands [-Wbitwise-instead-of-logical]
     MatingPrograms.cpp:42:8: warning: use of bitwise '&' with boolean operands [-Wbitwise-instead-of-logical]
     MatingPrograms.cpp:47:8: warning: use of bitwise '&' with boolean operands [-Wbitwise-instead-of-logical]
     MatingPrograms.cpp:52:8: warning: use of bitwise '&' with boolean operands [-Wbitwise-instead-of-logical]
     MatingPrograms.cpp:57:8: warning: use of bitwise '&' with boolean operands [-Wbitwise-instead-of-logical]
     MatingPrograms.cpp:62:8: warning: use of bitwise '&' with boolean operands [-Wbitwise-instead-of-logical]
     MatingPrograms.cpp:67:8: warning: use of bitwise '&' with boolean operands [-Wbitwise-instead-of-logical]
     MatingPrograms.cpp:72:8: warning: use of bitwise '&' with boolean operands [-Wbitwise-instead-of-logical]
Flavors: r-devel-linux-x86_64-debian-clang, r-devel-linux-x86_64-fedora-clang

Version: 2.0
Check: dependencies in R code
Result: NOTE
    Namespace in Imports field not imported from: ‘dplyr’
     All declared Imports should be used.
Flavors: r-devel-linux-x86_64-fedora-clang, r-devel-linux-x86_64-fedora-gcc, r-release-macos-arm64, r-release-macos-x86_64, r-oldrel-macos-arm64, r-oldrel-macos-x86_64