CRAN Package Check Results for Package GenKern

Last updated on 2021-09-28 07:48:28 CEST.

Flavor Version Tinstall Tcheck Ttotal Status Flags
r-devel-linux-x86_64-debian-clang 1.2-60 3.08 24.00 27.08 NOTE
r-devel-linux-x86_64-debian-gcc 1.2-60 2.34 18.77 21.11 NOTE
r-devel-linux-x86_64-fedora-clang 1.2-60 42.57 NOTE
r-devel-linux-x86_64-fedora-gcc 1.2-60 33.07 NOTE
r-devel-windows-x86_64 1.2-60 6.00 33.00 39.00 NOTE
r-devel-windows-x86_64-gcc10-UCRT 1.2-60 NOTE
r-patched-linux-x86_64 1.2-60 3.19 23.08 26.27 NOTE
r-patched-solaris-x86 1.2-60 49.80 NOTE
r-release-linux-x86_64 1.2-60 3.12 23.19 26.31 NOTE
r-release-macos-arm64 1.2-60 NOTE
r-release-macos-x86_64 1.2-60 NOTE
r-release-windows-ix86+x86_64 1.2-60 9.00 48.00 57.00 NOTE
r-oldrel-macos-x86_64 1.2-60 NOTE
r-oldrel-windows-ix86+x86_64 1.2-60 18.00 36.00 54.00 NOTE

Check Details

Version: 1.2-60
Check: DESCRIPTION meta-information
Result: NOTE
    Malformed Description field: should contain one or more complete sentences.
Flavors: r-devel-linux-x86_64-debian-clang, r-devel-linux-x86_64-debian-gcc, r-devel-linux-x86_64-fedora-clang, r-devel-linux-x86_64-fedora-gcc, r-devel-windows-x86_64, r-devel-windows-x86_64-gcc10-UCRT, r-patched-linux-x86_64, r-patched-solaris-x86, r-release-linux-x86_64, r-release-macos-arm64, r-release-macos-x86_64, r-release-windows-ix86+x86_64, r-oldrel-macos-x86_64, r-oldrel-windows-ix86+x86_64

Version: 1.2-60
Check: dependencies in R code
Result: NOTE
    Package in Depends field not imported from: 'KernSmooth'
     These packages need to be imported from (in the NAMESPACE file)
     for when this namespace is loaded but not attached.
Flavors: r-devel-linux-x86_64-debian-clang, r-devel-linux-x86_64-debian-gcc, r-devel-linux-x86_64-fedora-clang, r-devel-linux-x86_64-fedora-gcc, r-devel-windows-x86_64, r-devel-windows-x86_64-gcc10-UCRT, r-patched-linux-x86_64, r-patched-solaris-x86, r-release-linux-x86_64, r-release-macos-arm64, r-release-macos-x86_64, r-release-windows-ix86+x86_64, r-oldrel-macos-x86_64, r-oldrel-windows-ix86+x86_64

Version: 1.2-60
Check: R code for possible problems
Result: NOTE
    KernSec: no visible global function definition for 'na.omit'
    KernSur: no visible global function definition for 'na.fail'
    KernSur: no visible global function definition for 'na.omit'
    bandwidthselect: no visible global function definition for 'na.omit'
    bandwidthselect: no visible global function definition for 'dpik'
    correlationselect: no visible global function definition for 'cor'
    nearest: no visible global function definition for 'na.fail'
    nearest: no visible global function definition for 'na.omit'
    per: no visible global function definition for 'na.fail'
    Undefined global functions or variables:
     cor dpik na.fail na.omit
    Consider adding
     importFrom("stats", "cor", "na.fail", "na.omit")
    to your NAMESPACE file.
Flavors: r-devel-linux-x86_64-debian-clang, r-devel-linux-x86_64-debian-gcc, r-devel-linux-x86_64-fedora-clang, r-devel-linux-x86_64-fedora-gcc, r-devel-windows-x86_64, r-devel-windows-x86_64-gcc10-UCRT, r-patched-linux-x86_64, r-patched-solaris-x86, r-release-linux-x86_64, r-release-macos-arm64, r-release-macos-x86_64, r-release-windows-ix86+x86_64, r-oldrel-macos-x86_64, r-oldrel-windows-ix86+x86_64

Version: 1.2-60
Check: compiled code
Result: NOTE
    File ‘GenKern/libs/GenKern.so’:
     Found no calls to: ‘R_registerRoutines’, ‘R_useDynamicSymbols’
    
    It is good practice to register native routines and to disable symbol
    search.
    
    See ‘Writing portable packages’ in the ‘Writing R Extensions’ manual.
Flavors: r-devel-linux-x86_64-fedora-clang, r-devel-linux-x86_64-fedora-gcc