CRAN Package Check Results for Package GauPro

Last updated on 2022-06-25 12:54:23 CEST.

Flavor Version Tinstall Tcheck Ttotal Status Flags
r-devel-linux-x86_64-debian-clang 0.2.4 241.30 123.25 364.55 OK
r-devel-linux-x86_64-debian-gcc 0.2.4 187.25 86.76 274.01 OK
r-devel-linux-x86_64-fedora-clang 0.2.4 540.62 NOTE
r-devel-linux-x86_64-fedora-gcc 0.2.4 439.41 OK
r-devel-windows-x86_64 0.2.4 211.00 187.00 398.00 OK
r-patched-linux-x86_64 0.2.4 212.57 114.06 326.63 OK
r-release-linux-x86_64 0.2.4 203.97 117.02 320.99 OK
r-release-macos-arm64 0.2.4 108.00 NOTE
r-release-macos-x86_64 0.2.4 143.00 NOTE
r-release-windows-x86_64 0.2.4 206.00 184.00 390.00 OK
r-oldrel-macos-arm64 0.2.4 121.00 NOTE
r-oldrel-macos-x86_64 0.2.4 213.00 NOTE
r-oldrel-windows-ix86+x86_64 0.2.4 601.00 244.00 845.00 OK

Check Details

Version: 0.2.4
Check: installed package size
Result: NOTE
     installed size is 5.8Mb
     sub-directories of 1Mb or more:
     libs 4.4Mb
Flavors: r-devel-linux-x86_64-fedora-clang, r-release-macos-arm64, r-release-macos-x86_64, r-oldrel-macos-arm64, r-oldrel-macos-x86_64