CRAN Package Check Results for Package GWSDAT

Last updated on 2021-06-14 07:48:38 CEST.

Flavor Version Tinstall Tcheck Ttotal Status Flags
r-devel-linux-x86_64-debian-clang 3.0.6 29.57 194.81 224.38 NOTE
r-devel-linux-x86_64-debian-gcc 3.0.6 22.99 143.62 166.61 NOTE
r-devel-linux-x86_64-fedora-clang 3.0.6 278.29 NOTE
r-devel-linux-x86_64-fedora-gcc 3.0.6 267.66 NOTE
r-devel-windows-x86_64 3.0.6 41.00 196.00 237.00 NOTE
r-devel-windows-x86_64-gcc10-UCRT 3.0.6 ERROR
r-patched-linux-x86_64 3.0.6 29.19 184.61 213.80 NOTE
r-patched-solaris-x86 3.0.6 360.30 NOTE
r-release-linux-x86_64 3.0.6 21.93 185.83 207.76 NOTE
r-release-macos-arm64 3.0.6 NOTE
r-release-macos-x86_64 3.0.6 NOTE
r-release-windows-ix86+x86_64 3.0.6 52.00 198.00 250.00 NOTE
r-oldrel-macos-x86_64 3.0.6 OK
r-oldrel-windows-ix86+x86_64 3.0.6 54.00 196.00 250.00 OK

Check Details

Version: 3.0.6
Check: LazyData
Result: NOTE
     'LazyData' is specified without a 'data' directory
Flavors: r-devel-linux-x86_64-debian-clang, r-devel-linux-x86_64-debian-gcc, r-devel-linux-x86_64-fedora-clang, r-devel-linux-x86_64-fedora-gcc, r-devel-windows-x86_64, r-patched-linux-x86_64, r-patched-solaris-x86, r-release-linux-x86_64, r-release-macos-arm64, r-release-macos-x86_64, r-release-windows-ix86+x86_64

Version: 3.0.6
Check: package dependencies
Result: NOTE
    Imports includes 21 non-default packages.
    Importing from so many packages makes the package vulnerable to any of
    them becoming unavailable. Move as many as possible to Suggests and
    use conditionally.
Flavor: r-devel-linux-x86_64-fedora-clang

Version: 3.0.6
Check: package dependencies
Result: ERROR
    Package required but not available: 'sf'
    
    See section 'The DESCRIPTION file' in the 'Writing R Extensions'
    manual.
Flavor: r-devel-windows-x86_64-gcc10-UCRT