CRAN Package Check Results for Package GSODR

Last updated on 2021-08-03 13:53:12 CEST.

Flavor Version Tinstall Tcheck Ttotal Status Flags
r-devel-linux-x86_64-debian-clang 3.1.2 3.79 36.90 40.69 OK
r-devel-linux-x86_64-debian-gcc 3.1.2 2.52 28.37 30.89 ERROR
r-devel-linux-x86_64-fedora-clang 3.1.2 57.88 OK
r-devel-linux-x86_64-fedora-gcc 3.1.2 46.65 OK
r-devel-windows-x86_64 3.1.2 4.00 60.00 64.00 OK
r-devel-windows-x86_64-gcc10-UCRT 3.1.2 OK
r-patched-linux-x86_64 3.1.2 3.52 34.97 38.49 OK
r-patched-solaris-x86 3.1.2 70.70 OK
r-release-linux-x86_64 3.1.2 3.40 35.35 38.75 OK
r-release-macos-arm64 3.1.2 OK
r-release-macos-x86_64 3.1.2 OK
r-release-windows-ix86+x86_64 3.1.2 7.00 60.00 67.00 OK
r-oldrel-macos-x86_64 3.1.2 OK
r-oldrel-windows-ix86+x86_64 3.1.2 6.00 58.00 64.00 OK

Additional issues

OpenBLAS

Check Details

Version: 3.1.2
Check: tests
Result: ERROR
     Running ‘spelling.R’ [0s/1s]
     Running ‘testthat.R’ [1s/13s]
    Running the tests in ‘tests/testthat.R’ failed.
    Complete output:
     > library(testthat)
     > library(GSODR)
     >
     > test_check("GSODR")
     ══ Skipped tests ═══════════════════════════════════════════════════════════════
     • On CRAN (28)
    
     ══ Failed tests ════════════════════════════════════════════════════════════════
     ── Error (test-process_csv.R:9:5): .process_csv returns a data.table ───────────
     Error:
     The file downloads have failed. Please restart.
    
     Backtrace:
     █
     1. └─GSODR:::.download_files(station = "955510-99999", years = "2016") test-process_csv.R:9:4
     2. └─base::tryCatch(...)
     3. └─base:::tryCatchList(expr, classes, parentenv, handlers)
     4. └─base:::tryCatchOne(expr, names, parentenv, handlers[[1L]])
     5. └─value[[3L]](cond)
    
     [ FAIL 1 | WARN 0 | SKIP 28 | PASS 1 ]
     Error: Test failures
     Execution halted
Flavor: r-devel-linux-x86_64-debian-gcc