CRAN Package Check Results for Package GSA

Last updated on 2022-10-06 21:49:54 CEST.

Flavor Version Tinstall Tcheck Ttotal Status Flags
r-devel-linux-x86_64-debian-clang 1.03.2 2.61 32.37 34.98 OK
r-devel-linux-x86_64-debian-gcc 1.03.2 2.49 24.11 26.60 OK
r-devel-linux-x86_64-fedora-clang 1.03.2 56.41 OK
r-devel-linux-x86_64-fedora-gcc 1.03.2 52.50 OK
r-devel-windows-x86_64 1.03.2 12.00 58.00 70.00 OK
r-patched-linux-x86_64 1.03.2 3.96 31.00 34.96 OK
r-release-linux-x86_64 1.03.2 3.88 30.87 34.75 OK
r-release-macos-arm64 1.03.2 17.00 NOTE
r-release-macos-x86_64 1.03.2 25.00 OK
r-release-windows-x86_64 1.03.2 7.00 54.00 61.00 OK
r-oldrel-macos-arm64 1.03.2 19.00 OK
r-oldrel-macos-x86_64 1.03.2 25.00 OK
r-oldrel-windows-ix86+x86_64 1.03.2 6.00 50.00 56.00 OK

Check Details

Version: 1.03.2
Check: package dependencies
Result: NOTE
    Package suggested but not available for checking: ‘impute’
Flavor: r-release-macos-arm64