CRAN Package Check Results for Package GPareto

Last updated on 2021-07-26 01:50:15 CEST.

Flavor Version Tinstall Tcheck Ttotal Status Flags
r-devel-linux-x86_64-debian-clang 1.1.6 40.75 139.74 180.49 OK --no-vignettes
r-devel-linux-x86_64-debian-gcc 1.1.6 28.08 103.84 131.92 OK --no-vignettes
r-devel-linux-x86_64-fedora-clang 1.1.6 232.59 NOTE --no-vignettes
r-devel-linux-x86_64-fedora-gcc 1.1.6 215.28 OK --no-vignettes
r-devel-windows-x86_64 1.1.6 53.00 149.00 202.00 OK --no-vignettes
r-devel-windows-x86_64-gcc10-UCRT 1.1.6 OK --no-vignettes
r-patched-linux-x86_64 1.1.6 34.68 136.98 171.66 OK --no-vignettes
r-patched-solaris-x86 1.1.6 255.20 OK --no-vignettes
r-release-linux-x86_64 1.1.6 36.12 132.45 168.57 OK --no-vignettes
r-release-macos-arm64 1.1.6 OK
r-release-macos-x86_64 1.1.6 OK
r-release-windows-ix86+x86_64 1.1.6 93.00 190.00 283.00 OK --no-vignettes
r-oldrel-macos-x86_64 1.1.6 OK
r-oldrel-windows-ix86+x86_64 1.1.6 63.00 251.00 314.00 OK --no-vignettes

Check Details

Version: 1.1.6
Flags: --no-vignettes
Check: Rd cross-references
Result: NOTE
    Undeclared package ‘DiceOptim’ in Rd xrefs
Flavor: r-devel-linux-x86_64-fedora-clang