CRAN Package Check Results for Package GPSeqClus

Last updated on 2021-06-15 01:50:25 CEST.

Flavor Version Tinstall Tcheck Ttotal Status Flags
r-devel-linux-x86_64-debian-clang 1.0.0 19.47 162.19 181.66 OK
r-devel-linux-x86_64-debian-gcc 1.0.0 16.42 120.63 137.05 OK
r-devel-linux-x86_64-fedora-clang 1.0.0 229.05 OK
r-devel-linux-x86_64-fedora-gcc 1.0.0 213.43 OK
r-devel-windows-x86_64 1.0.0 27.00 178.00 205.00 OK
r-devel-windows-x86_64-gcc10-UCRT 1.0.0 ERROR
r-patched-linux-x86_64 1.0.0 16.68 153.21 169.89 OK
r-patched-solaris-x86 1.0.0 323.30 OK
r-release-linux-x86_64 1.0.0 17.96 152.72 170.68 OK
r-release-macos-arm64 1.0.0 ERROR
r-release-macos-x86_64 1.0.0 OK
r-release-windows-ix86+x86_64 1.0.0 43.00 174.00 217.00 OK
r-oldrel-macos-x86_64 1.0.0 OK
r-oldrel-windows-ix86+x86_64 1.0.0 46.00 183.00 229.00 OK

Check Details

Version: 1.0.0
Check: package dependencies
Result: ERROR
    Package required but not available: 'plotKML'
    
    See section 'The DESCRIPTION file' in the 'Writing R Extensions'
    manual.
Flavors: r-devel-windows-x86_64-gcc10-UCRT, r-release-macos-arm64