CRAN Package Check Results for Package GPSeqClus

Last updated on 2024-06-13 06:58:03 CEST.

Flavor Version Tinstall Tcheck Ttotal Status Flags
r-devel-linux-x86_64-debian-clang 1.4.0 11.73 79.84 91.57 OK
r-devel-linux-x86_64-debian-gcc 1.4.0 0.24 1.74 1.98 ERROR
r-devel-linux-x86_64-fedora-clang 1.4.0 114.75 OK
r-devel-linux-x86_64-fedora-gcc 1.4.0 108.01 OK
r-devel-windows-x86_64 1.4.0 10.00 70.00 80.00 OK
r-patched-linux-x86_64 1.4.0 10.12 76.67 86.79 OK
r-release-linux-x86_64 1.4.0 10.38 78.21 88.59 OK
r-release-macos-arm64 1.4.0 40.00 OK
r-release-macos-x86_64 1.4.0 54.00 OK
r-release-windows-x86_64 1.4.0 11.00 72.00 83.00 OK
r-oldrel-macos-arm64 1.4.0 50.00 OK
r-oldrel-macos-x86_64 1.4.0 110.00 OK
r-oldrel-windows-x86_64 1.4.0 12.00 83.00 95.00 OK

Check Details

Version: 1.4.0
Check: package dependencies
Result: ERROR Packages required but not available: 'leaflet.extras', 'purrr', 'suncalc' See section ‘The DESCRIPTION file’ in the ‘Writing R Extensions’ manual. Flavor: r-devel-linux-x86_64-debian-gcc