CRAN Package Check Results for Package GPSCDF

Last updated on 2022-10-06 01:49:48 CEST.

Flavor Version Tinstall Tcheck Ttotal Status Flags
r-devel-linux-x86_64-debian-clang 0.1.1 15.07 133.56 148.63 NOTE
r-devel-linux-x86_64-debian-gcc 0.1.1 11.50 96.60 108.10 NOTE
r-devel-linux-x86_64-fedora-clang 0.1.1 187.30 NOTE
r-devel-linux-x86_64-fedora-gcc 0.1.1 178.16 NOTE
r-devel-windows-x86_64 0.1.1 16.00 148.00 164.00 NOTE
r-patched-linux-x86_64 0.1.1 13.38 124.04 137.42 NOTE
r-release-linux-x86_64 0.1.1 15.03 123.81 138.84 NOTE
r-release-macos-arm64 0.1.1 43.00 NOTE
r-release-macos-x86_64 0.1.1 85.00 NOTE
r-release-windows-x86_64 0.1.1 15.00 144.00 159.00 NOTE
r-oldrel-macos-arm64 0.1.1 48.00 NOTE
r-oldrel-macos-x86_64 0.1.1 85.00 NOTE
r-oldrel-windows-ix86+x86_64 0.1.1 33.00 146.00 179.00 NOTE

Check Details

Version: 0.1.1
Check: LazyData
Result: NOTE
     'LazyData' is specified without a 'data' directory
Flavors: r-devel-linux-x86_64-debian-clang, r-devel-linux-x86_64-debian-gcc, r-devel-linux-x86_64-fedora-clang, r-devel-linux-x86_64-fedora-gcc, r-devel-windows-x86_64, r-patched-linux-x86_64, r-release-linux-x86_64, r-release-macos-arm64, r-release-macos-x86_64, r-release-windows-x86_64, r-oldrel-macos-arm64, r-oldrel-macos-x86_64, r-oldrel-windows-ix86+x86_64