CRAN Package Check Results for Package GOCompare

Last updated on 2022-10-03 21:53:38 CEST.

Flavor Version Tinstall Tcheck Ttotal Status Flags
r-devel-linux-x86_64-debian-clang 1.0.1 16.27 130.36 146.63 OK
r-devel-linux-x86_64-debian-gcc 1.0.1 12.59 96.61 109.20 OK
r-devel-linux-x86_64-fedora-clang 1.0.1 189.32 NOTE
r-devel-linux-x86_64-fedora-gcc 1.0.1 182.86 NOTE
r-devel-windows-x86_64 1.0.1 39.00 180.00 219.00 OK
r-patched-linux-x86_64 1.0.1 16.94 121.07 138.01 OK
r-release-linux-x86_64 1.0.1 17.99 123.35 141.34 OK
r-release-macos-arm64 1.0.1 58.00 NOTE
r-release-macos-x86_64 1.0.1 88.00 NOTE
r-release-windows-x86_64 1.0.1 23.00 171.00 194.00 OK
r-oldrel-macos-arm64 1.0.1 56.00 NOTE
r-oldrel-macos-x86_64 1.0.1 79.00 NOTE
r-oldrel-windows-ix86+x86_64 1.0.1 35.00 168.00 203.00 OK

Check Details

Version: 1.0.1
Check: dependencies in R code
Result: NOTE
    Namespaces in Imports field not imported from:
     ‘base’ ‘methods’
     All declared Imports should be used.
Flavors: r-devel-linux-x86_64-fedora-clang, r-devel-linux-x86_64-fedora-gcc, r-release-macos-arm64, r-release-macos-x86_64, r-oldrel-macos-arm64, r-oldrel-macos-x86_64