CRAN Package Check Results for Package GMMAT

Last updated on 2021-09-18 13:53:38 CEST.

Flavor Version Tinstall Tcheck Ttotal Status Flags
r-devel-linux-x86_64-debian-clang 1.3.2 78.04 534.59 612.63 OK
r-devel-linux-x86_64-debian-gcc 1.3.2 0.50 1.98 2.48 ERROR
r-devel-linux-x86_64-fedora-clang 1.3.2 786.56 NOTE
r-devel-linux-x86_64-fedora-gcc 1.3.2 778.73 OK
r-devel-windows-x86_64 1.3.2 81.00 516.00 597.00 NOTE
r-devel-windows-x86_64-gcc10-UCRT 1.3.2 NOTE
r-patched-linux-x86_64 1.3.2 69.65 519.29 588.94 OK
r-release-linux-x86_64 1.3.2 72.21 517.80 590.01 OK
r-release-macos-arm64 1.3.2 NOTE
r-release-macos-x86_64 1.3.2 NOTE
r-release-windows-ix86+x86_64 1.3.2 134.00 8.00 142.00 ERROR
r-oldrel-macos-x86_64 1.3.2 NOTE
r-oldrel-windows-ix86+x86_64 1.3.2 191.00 599.00 790.00 NOTE

Check Details

Version: 1.3.2
Check: package dependencies
Result: ERROR
    Packages required but not available: 'SeqArray', 'SeqVarTools'
    
    See section ‘The DESCRIPTION file’ in the ‘Writing R Extensions’
    manual.
Flavor: r-devel-linux-x86_64-debian-gcc

Version: 1.3.2
Check: installed package size
Result: NOTE
     installed size is 7.4Mb
     sub-directories of 1Mb or more:
     libs 5.5Mb
Flavors: r-devel-linux-x86_64-fedora-clang, r-release-macos-arm64, r-release-macos-x86_64, r-oldrel-macos-x86_64, r-oldrel-windows-ix86+x86_64

Version: 1.3.2
Check: package dependencies
Result: NOTE
    Package suggested but not available for checking: 'doMC'
Flavors: r-devel-windows-x86_64, r-devel-windows-x86_64-gcc10-UCRT, r-release-windows-ix86+x86_64, r-oldrel-windows-ix86+x86_64

Version: 1.3.2
Check: whether package can be installed
Result: ERROR
    Installation failed.
Flavor: r-release-windows-ix86+x86_64