CRAN Package Check Results for Package GMDH2

Last updated on 2023-02-03 00:51:03 CET.

Flavor Version Tinstall Tcheck Ttotal Status Flags
r-devel-linux-x86_64-debian-clang 1.8 13.68 119.53 133.21 OK
r-devel-linux-x86_64-debian-gcc 1.8 10.39 87.65 98.04 OK
r-devel-linux-x86_64-fedora-clang 1.8 171.60 NOTE
r-devel-linux-x86_64-fedora-gcc 1.8 165.79 OK
r-devel-windows-x86_64 1.8 22.00 147.00 169.00 OK
r-patched-linux-x86_64 1.8 15.19 112.28 127.47 OK
r-release-linux-x86_64 1.8 12.35 112.14 124.49 OK
r-release-macos-arm64 1.8 45.00 OK
r-release-macos-x86_64 1.8 68.00 OK
r-release-windows-x86_64 1.8 25.00 149.00 174.00 OK
r-oldrel-macos-arm64 1.8 44.00 OK
r-oldrel-macos-x86_64 1.8 67.00 OK
r-oldrel-windows-ix86+x86_64 1.8 33.00 140.00 173.00 OK

Check Details

Version: 1.8
Check: Rd cross-references
Result: NOTE
    Undeclared package ‘caret’ in Rd xrefs
Flavor: r-devel-linux-x86_64-fedora-clang