CRAN Package Check Results for Package GLMcat

Last updated on 2022-10-01 21:53:55 CEST.

Flavor Version Tinstall Tcheck Ttotal Status Flags
r-devel-linux-x86_64-debian-clang 0.2.5 153.09 54.02 207.11 OK
r-devel-linux-x86_64-debian-gcc 0.2.5 133.04 43.56 176.60 OK
r-devel-linux-x86_64-fedora-clang 0.2.5 323.49 NOTE
r-devel-linux-x86_64-fedora-gcc 0.2.5 305.40 NOTE
r-devel-windows-x86_64 0.2.5 113.00 117.00 230.00 OK
r-patched-linux-x86_64 0.2.5 132.37 54.54 186.91 OK
r-release-linux-x86_64 0.2.5 140.54 54.45 194.99 OK
r-release-macos-arm64 0.2.5 74.00 NOTE
r-release-macos-x86_64 0.2.5 94.00 NOTE
r-release-windows-x86_64 0.2.5 204.00 119.00 323.00 OK
r-oldrel-macos-arm64 0.2.5 73.00 NOTE
r-oldrel-macos-x86_64 0.2.5 97.00 NOTE
r-oldrel-windows-ix86+x86_64 0.2.5 353.00 133.00 486.00 OK

Check Details

Version: 0.2.5
Check: dependencies in R code
Result: NOTE
    Namespace in Imports field not imported from: ‘ordinal’
     All declared Imports should be used.
Flavors: r-devel-linux-x86_64-fedora-clang, r-devel-linux-x86_64-fedora-gcc, r-release-macos-arm64, r-release-macos-x86_64, r-oldrel-macos-arm64, r-oldrel-macos-x86_64

Version: 0.2.5
Check: installed package size
Result: NOTE
     installed size is 18.3Mb
     sub-directories of 1Mb or more:
     libs 17.9Mb
Flavors: r-release-macos-arm64, r-release-macos-x86_64, r-oldrel-macos-arm64, r-oldrel-macos-x86_64