CRAN Package Check Results for Package GLMcat

Last updated on 2024-02-25 18:51:25 CET.

Flavor Version Tinstall Tcheck Ttotal Status Flags
r-devel-linux-x86_64-debian-clang 0.2.6 158.06 126.60 284.66 OK
r-devel-linux-x86_64-debian-gcc 0.2.6 137.40 98.61 236.01 OK
r-devel-linux-x86_64-fedora-clang 0.2.6 397.61 NOTE
r-devel-linux-x86_64-fedora-gcc 0.2.6 433.37 NOTE
r-devel-windows-x86_64 0.2.6 120.00 176.00 296.00 OK
r-patched-linux-x86_64 0.2.6 183.59 129.79 313.38 OK
r-release-linux-x86_64 0.2.6 173.52 132.56 306.08 OK
r-release-macos-arm64 0.2.6 97.00 NOTE
r-release-macos-x86_64 0.2.6 134.00 NOTE
r-release-windows-x86_64 0.2.6 153.00 188.00 341.00 OK
r-oldrel-macos-arm64 0.2.6 90.00 NOTE
r-oldrel-windows-x86_64 0.2.6 143.00 187.00 330.00 OK

Check Details

Version: 0.2.6
Check: dependencies in R code
Result: NOTE Namespace in Imports field not imported from: ‘ordinal’ All declared Imports should be used. Flavors: r-devel-linux-x86_64-fedora-clang, r-devel-linux-x86_64-fedora-gcc

Version: 0.2.6
Check: installed package size
Result: NOTE installed size is 17.2Mb sub-directories of 1Mb or more: libs 16.7Mb Flavors: r-release-macos-arm64, r-release-macos-x86_64, r-oldrel-macos-arm64