CRAN Package Check Results for Package GLDEX

Last updated on 2022-09-28 06:54:08 CEST.

Flavor Version Tinstall Tcheck Ttotal Status Flags
r-devel-linux-x86_64-debian-clang 2.0.0.9 13.96 69.80 83.76 NOTE
r-devel-linux-x86_64-debian-gcc 2.0.0.9 9.02 51.78 60.80 NOTE
r-devel-linux-x86_64-fedora-clang 2.0.0.9 112.06 NOTE
r-devel-linux-x86_64-fedora-gcc 2.0.0.9 107.17 NOTE
r-devel-windows-x86_64 2.0.0.9 50.00 113.00 163.00 NOTE
r-patched-linux-x86_64 2.0.0.9 12.61 62.98 75.59 OK
r-release-linux-x86_64 2.0.0.9 12.51 61.90 74.41 OK
r-release-macos-arm64 2.0.0.9 33.00 OK
r-release-macos-x86_64 2.0.0.9 42.00 OK
r-release-windows-x86_64 2.0.0.9 52.00 110.00 162.00 OK
r-oldrel-macos-arm64 2.0.0.9 28.00 OK
r-oldrel-macos-x86_64 2.0.0.9 41.00 OK
r-oldrel-windows-ix86+x86_64 2.0.0.9 22.00 102.00 124.00 OK

Check Details

Version: 2.0.0.9
Check: Rd files
Result: NOTE
    checkRd: (-1) starship.Rd:61: Escaped LaTeX specials: \&
    checkRd: (-1) starship.adaptivegrid.Rd:39: Escaped LaTeX specials: \&
    checkRd: (-1) starship.adaptivegrid.Rd:54: Escaped LaTeX specials: \&
    checkRd: (-1) starship.adaptivegrid.Rd:64: Escaped LaTeX specials: \&
    checkRd: (-1) starship.obj.Rd:25: Escaped LaTeX specials: \&
Flavors: r-devel-linux-x86_64-debian-clang, r-devel-linux-x86_64-debian-gcc, r-devel-linux-x86_64-fedora-clang, r-devel-linux-x86_64-fedora-gcc, r-devel-windows-x86_64