CRAN Package Check Results for Package GInSARCorW

Last updated on 2021-06-15 01:50:25 CEST.

Flavor Version Tinstall Tcheck Ttotal Status Flags
r-devel-linux-x86_64-debian-clang 1.15.6 10.90 88.35 99.25 NOTE
r-devel-linux-x86_64-debian-gcc 1.15.6 8.28 68.87 77.15 NOTE
r-devel-linux-x86_64-fedora-clang 1.15.6 126.51 NOTE
r-devel-linux-x86_64-fedora-gcc 1.15.6 116.27 NOTE
r-devel-windows-x86_64 1.15.6 14.00 106.00 120.00 NOTE
r-devel-windows-x86_64-gcc10-UCRT 1.15.6 NOTE
r-patched-linux-x86_64 1.15.6 9.60 85.14 94.74 NOTE
r-patched-solaris-x86 1.15.6 172.00 NOTE
r-release-linux-x86_64 1.15.6 8.96 85.22 94.18 NOTE
r-release-macos-arm64 1.15.6 NOTE
r-release-macos-x86_64 1.15.6 NOTE
r-release-windows-ix86+x86_64 1.15.6 22.00 103.00 125.00 NOTE
r-oldrel-macos-x86_64 1.15.6 OK
r-oldrel-windows-ix86+x86_64 1.15.6 17.00 111.00 128.00 OK

Check Details

Version: 1.15.6
Check: LazyData
Result: NOTE
     'LazyData' is specified without a 'data' directory
Flavors: r-devel-linux-x86_64-debian-clang, r-devel-linux-x86_64-debian-gcc, r-devel-linux-x86_64-fedora-clang, r-devel-linux-x86_64-fedora-gcc, r-devel-windows-x86_64, r-devel-windows-x86_64-gcc10-UCRT, r-patched-linux-x86_64, r-patched-solaris-x86, r-release-linux-x86_64, r-release-macos-arm64, r-release-macos-x86_64, r-release-windows-ix86+x86_64