Last updated on 2023-01-29 06:52:01 CET.
Flavor | Version | Tinstall | Tcheck | Ttotal | Status | Flags |
---|---|---|---|---|---|---|
r-devel-linux-x86_64-debian-clang | 0.7 | 2.90 | 23.21 | 26.11 | OK | |
r-devel-linux-x86_64-debian-gcc | 0.7 | 1.94 | 18.43 | 20.37 | OK | |
r-devel-linux-x86_64-fedora-clang | 0.7 | 34.67 | NOTE | |||
r-devel-linux-x86_64-fedora-gcc | 0.7 | 33.06 | OK | |||
r-devel-windows-x86_64 | 0.7 | 20.00 | 58.00 | 78.00 | OK | |
r-patched-linux-x86_64 | 0.7 | 2.63 | 23.45 | 26.08 | OK | |
r-release-linux-x86_64 | 0.7 | 2.28 | 23.17 | 25.45 | OK | |
r-release-macos-arm64 | 0.7 | 15.00 | OK | |||
r-release-macos-x86_64 | 0.7 | 22.00 | OK | |||
r-release-windows-x86_64 | 0.7 | 16.00 | 43.00 | 59.00 | OK | |
r-oldrel-macos-arm64 | 0.7 | 18.00 | OK | |||
r-oldrel-macos-x86_64 | 0.7 | 23.00 | OK | |||
r-oldrel-windows-ix86+x86_64 | 0.7 | 11.00 | 47.00 | 58.00 | OK |
Version: 0.7
Check: Rd cross-references
Result: NOTE
Undeclared package ‘Runuran’ in Rd xrefs
Flavor: r-devel-linux-x86_64-fedora-clang