CRAN Package Check Results for Package GIFT

Last updated on 2024-06-25 12:53:16 CEST.

Flavor Version Tinstall Tcheck Ttotal Status Flags
r-devel-linux-x86_64-debian-clang 1.3.2 17.82 204.21 222.03 OK
r-devel-linux-x86_64-debian-gcc 1.3.2 14.30 150.67 164.97 OK
r-devel-linux-x86_64-fedora-clang 1.3.2 270.74 NOTE
r-devel-linux-x86_64-fedora-gcc 1.3.2 269.19 OK
r-devel-windows-x86_64 1.3.2 16.00 171.00 187.00 NOTE
r-patched-linux-x86_64 1.3.2 17.56 193.70 211.26 OK
r-release-linux-x86_64 1.3.2 12.05 194.23 206.28 OK
r-release-macos-arm64 1.3.2 361.00 NOTE
r-release-macos-x86_64 1.3.2 450.00 NOTE
r-release-windows-x86_64 1.3.2 17.00 176.00 193.00 NOTE
r-oldrel-macos-arm64 1.3.2 349.00 NOTE
r-oldrel-macos-x86_64 1.3.2 480.00 NOTE
r-oldrel-windows-x86_64 1.3.2 21.00 211.00 232.00 NOTE

Check Details

Version: 1.3.2
Check: installed package size
Result: NOTE installed size is 6.1Mb sub-directories of 1Mb or more: doc 3.4Mb help 2.5Mb Flavors: r-devel-linux-x86_64-fedora-clang, r-devel-windows-x86_64, r-release-macos-arm64, r-release-macos-x86_64, r-release-windows-x86_64, r-oldrel-macos-arm64, r-oldrel-macos-x86_64, r-oldrel-windows-x86_64