CRAN Package Check Results for Package GGMnonreg

Last updated on 2021-09-25 01:50:18 CEST.

Flavor Version Tinstall Tcheck Ttotal Status Flags
r-devel-linux-x86_64-debian-clang 1.0.0 12.11 112.87 124.98 OK
r-devel-linux-x86_64-debian-gcc 1.0.0 9.07 84.61 93.68 OK
r-devel-linux-x86_64-fedora-clang 1.0.0 158.15 NOTE
r-devel-linux-x86_64-fedora-gcc 1.0.0 150.43 NOTE
r-devel-windows-x86_64 1.0.0 12.00 110.00 122.00 OK
r-devel-windows-x86_64-gcc10-UCRT 1.0.0 NOTE
r-patched-linux-x86_64 1.0.0 12.25 99.42 111.67 OK
r-patched-solaris-x86 1.0.0 192.90 NOTE
r-release-linux-x86_64 1.0.0 9.15 98.37 107.52 OK
r-release-macos-arm64 1.0.0 NOTE
r-release-macos-x86_64 1.0.0 NOTE
r-release-windows-ix86+x86_64 1.0.0 28.00 136.00 164.00 OK
r-oldrel-macos-x86_64 1.0.0 NOTE
r-oldrel-windows-ix86+x86_64 1.0.0 17.00 101.00 118.00 OK

Check Details

Version: 1.0.0
Check: dependencies in R code
Result: NOTE
    Namespaces in Imports field not imported from:
     ‘Matrix’ ‘Rdpack’
     All declared Imports should be used.
Flavors: r-devel-linux-x86_64-fedora-clang, r-devel-linux-x86_64-fedora-gcc, r-devel-windows-x86_64-gcc10-UCRT, r-patched-solaris-x86, r-release-macos-arm64, r-release-macos-x86_64, r-oldrel-macos-x86_64