CRAN Package Check Results for Package GDINA

Last updated on 2021-06-23 07:50:18 CEST.

Flavor Version Tinstall Tcheck Ttotal Status Flags
r-devel-linux-x86_64-debian-clang 2.8.7 268.67 113.63 382.30 OK
r-devel-linux-x86_64-debian-gcc 2.8.7 170.75 83.23 253.98 OK
r-devel-linux-x86_64-fedora-clang 2.8.7 511.80 NOTE
r-devel-linux-x86_64-fedora-gcc 2.8.7 471.38 OK
r-devel-windows-x86_64 2.8.7 305.00 140.00 445.00 OK
r-devel-windows-x86_64-gcc10-UCRT 2.8.7 OK
r-patched-linux-x86_64 2.8.7 202.79 108.09 310.88 OK
r-patched-solaris-x86 2.8.7 398.00 OK
r-release-linux-x86_64 2.8.7 203.67 107.02 310.69 OK
r-release-macos-arm64 2.8.7 NOTE
r-release-macos-x86_64 2.8.7 NOTE
r-release-windows-ix86+x86_64 2.8.7 435.00 130.00 565.00 OK
r-oldrel-macos-x86_64 2.8.7 NOTE

Check Details

Version: 2.8.7
Check: installed package size
Result: NOTE
     installed size is 13.2Mb
     sub-directories of 1Mb or more:
     libs 12.2Mb
Flavors: r-devel-linux-x86_64-fedora-clang, r-release-macos-arm64, r-release-macos-x86_64, r-oldrel-macos-x86_64