CRAN Package Check Results for Package GCPM

Last updated on 2024-02-21 12:53:00 CET.

Flavor Version Tinstall Tcheck Ttotal Status Flags
r-devel-linux-x86_64-debian-clang 1.2.2 OK
r-devel-linux-x86_64-debian-gcc 1.2.2 15.41 40.79 56.20 OK
r-devel-linux-x86_64-fedora-clang 1.2.2 95.91 NOTE
r-devel-linux-x86_64-fedora-gcc 1.2.2 92.65 NOTE
r-devel-windows-x86_64 1.2.2 18.00 97.00 115.00 OK
r-patched-linux-x86_64 1.2.2 18.75 53.61 72.36 OK
r-release-linux-x86_64 1.2.2 19.47 53.79 73.26 OK
r-release-macos-arm64 1.2.2 35.00 OK
r-release-macos-x86_64 1.2.2 54.00 OK
r-release-windows-x86_64 1.2.2 17.00 103.00 120.00 OK
r-oldrel-macos-arm64 1.2.2 32.00 OK
r-oldrel-windows-x86_64 1.2.2 26.00 93.00 119.00 OK

Check Details

Version: 1.2.2
Check: compiled code
Result: NOTE File ‘GCPM/libs/GCPM.so’: Found no calls to: ‘R_registerRoutines’, ‘R_useDynamicSymbols’ It is good practice to register native routines and to disable symbol search. See ‘Writing portable packages’ in the ‘Writing R Extensions’ manual. Flavors: r-devel-linux-x86_64-fedora-clang, r-devel-linux-x86_64-fedora-gcc