CRAN Package Check Results for Package GAabbreviate

Last updated on 2021-09-19 13:49:08 CEST.

Flavor Version Tinstall Tcheck Ttotal Status Flags
r-devel-linux-x86_64-debian-clang 1.3 3.75 39.99 43.74 OK
r-devel-linux-x86_64-debian-gcc 1.3 3.21 31.52 34.73 OK
r-devel-linux-x86_64-fedora-clang 1.3 62.82 OK
r-devel-linux-x86_64-fedora-gcc 1.3 51.04 OK
r-devel-windows-x86_64 1.3 5.00 50.00 55.00 OK
r-devel-windows-x86_64-gcc10-UCRT 1.3 ERROR
r-patched-linux-x86_64 1.3 3.81 39.11 42.92 OK
r-patched-solaris-x86 1.3 77.80 OK
r-release-linux-x86_64 1.3 3.94 38.77 42.71 OK
r-release-macos-arm64 1.3 OK
r-release-macos-x86_64 1.3 OK
r-release-windows-ix86+x86_64 1.3 10.00 60.00 70.00 OK
r-oldrel-macos-x86_64 1.3 OK
r-oldrel-windows-ix86+x86_64 1.3 9.00 46.00 55.00 OK

Check Details

Version: 1.3
Check: whether package can be installed
Result: WARN
    Found the following significant warnings:
     WARNING: installation-time patches will not be applied, could not get the patches index
Flavor: r-devel-windows-x86_64-gcc10-UCRT

Version: 1.3
Check: PDF version of manual
Result: WARN
    LaTeX errors when creating PDF version.
    This typically indicates Rd problems.
Flavor: r-devel-windows-x86_64-gcc10-UCRT

Version: 1.3
Check: PDF version of manual without hyperrefs or index
Result: ERROR
    Re-running with no redirection of stdout/stderr.
Flavor: r-devel-windows-x86_64-gcc10-UCRT