Last updated on 2022-06-25 12:54:23 CEST.
Flavor | Version | Tinstall | Tcheck | Ttotal | Status | Flags |
---|---|---|---|---|---|---|
r-devel-linux-x86_64-debian-clang | 0.3.4 | 481.09 | 92.33 | 573.42 | OK | |
r-devel-linux-x86_64-debian-gcc | 0.3.4 | 354.14 | 66.64 | 420.78 | OK | |
r-devel-linux-x86_64-fedora-clang | 0.3.4 | 841.46 | NOTE | |||
r-devel-linux-x86_64-fedora-gcc | 0.3.4 | 717.83 | OK | |||
r-devel-windows-x86_64 | 0.3.4 | 358.00 | 135.00 | 493.00 | OK | |
r-patched-linux-x86_64 | 0.3.4 | 382.49 | 87.71 | 470.20 | OK | |
r-release-linux-x86_64 | 0.3.4 | 385.37 | 88.23 | 473.60 | OK | |
r-release-macos-arm64 | 0.3.4 | 145.00 | NOTE | |||
r-release-macos-x86_64 | 0.3.4 | 191.00 | NOTE | |||
r-release-windows-x86_64 | 0.3.4 | 352.00 | 136.00 | 488.00 | OK | |
r-oldrel-macos-arm64 | 0.3.4 | 121.00 | NOTE | |||
r-oldrel-macos-x86_64 | 0.3.4 | 193.00 | NOTE | |||
r-oldrel-windows-ix86+x86_64 | 0.3.4 | 1126.00 | 177.00 | 1303.00 | NOTE |
Version: 0.3.4
Check: installed package size
Result: NOTE
installed size is 9.2Mb
sub-directories of 1Mb or more:
data 1.4Mb
libs 7.1Mb
Flavors: r-devel-linux-x86_64-fedora-clang, r-release-macos-arm64, r-release-macos-x86_64, r-oldrel-macos-arm64, r-oldrel-macos-x86_64, r-oldrel-windows-ix86+x86_64