CRAN Package Check Results for Package ForestTools

Last updated on 2021-10-27 22:56:43 CEST.

Flavor Version Tinstall Tcheck Ttotal Status Flags
r-devel-linux-x86_64-debian-clang 0.2.5 20.35 126.27 146.62 OK
r-devel-linux-x86_64-debian-gcc 0.2.5 14.26 95.30 109.56 OK
r-devel-linux-x86_64-fedora-clang 0.2.5 202.37 NOTE
r-devel-linux-x86_64-fedora-gcc 0.2.5 177.03 NOTE
r-devel-windows-x86_64 0.2.5 29.00 170.00 199.00 OK
r-devel-windows-x86_64-gcc10-UCRT 0.2.5 NOTE
r-patched-linux-x86_64 0.2.5 16.71 134.48 151.19 OK
r-patched-solaris-x86 0.2.5 118.80 NOTE
r-release-linux-x86_64 0.2.5 18.13 135.18 153.31 OK
r-release-macos-arm64 0.2.5 NOTE
r-release-macos-x86_64 0.2.5 NOTE
r-release-windows-ix86+x86_64 0.2.5 40.00 211.00 251.00 NOTE
r-oldrel-macos-x86_64 0.2.5 NOTE
r-oldrel-windows-ix86+x86_64 0.2.5 38.00 214.00 252.00 NOTE

Check Details

Version: 0.2.5
Check: dependencies in R code
Result: NOTE
    Namespace in Imports field not imported from: ‘methods’
     All declared Imports should be used.
Flavors: r-devel-linux-x86_64-fedora-clang, r-devel-linux-x86_64-fedora-gcc, r-devel-windows-x86_64-gcc10-UCRT, r-patched-solaris-x86, r-release-macos-arm64, r-release-macos-x86_64, r-oldrel-macos-x86_64

Version: 0.2.5
Check: installed package size
Result: NOTE
     installed size is 5.5Mb
     sub-directories of 1Mb or more:
     data 2.4Mb
     libs 2.0Mb
Flavors: r-release-windows-ix86+x86_64, r-oldrel-windows-ix86+x86_64