CRAN Package Check Results for Package ForecastComb

Last updated on 2021-09-20 19:52:41 CEST.

Flavor Version Tinstall Tcheck Ttotal Status Flags
r-devel-linux-x86_64-debian-clang 1.3.1 14.85 203.30 218.15 OK
r-devel-linux-x86_64-debian-gcc 1.3.1 11.64 146.39 158.03 OK
r-devel-linux-x86_64-fedora-clang 1.3.1 255.99 NOTE
r-devel-linux-x86_64-fedora-gcc 1.3.1 247.26 OK
r-devel-windows-x86_64 1.3.1 14.00 175.00 189.00 OK
r-devel-windows-x86_64-gcc10-UCRT 1.3.1 ERROR
r-patched-linux-x86_64 1.3.1 17.95 188.13 206.08 OK
r-patched-solaris-x86 1.3.1 325.70 OK
r-release-linux-x86_64 1.3.1 12.52 189.14 201.66 OK
r-release-macos-arm64 1.3.1 OK
r-release-macos-x86_64 1.3.1 OK
r-release-windows-ix86+x86_64 1.3.1 34.00 226.00 260.00 OK
r-oldrel-macos-x86_64 1.3.1 OK
r-oldrel-windows-ix86+x86_64 1.3.1 33.00 173.00 206.00 OK

Check Details

Version: 1.3.1
Check: Rd cross-references
Result: NOTE
    Undeclared package ‘ForecastCombinations’ in Rd xrefs
Flavor: r-devel-linux-x86_64-fedora-clang

Version: 1.3.1
Check: whether package can be installed
Result: WARN
    Found the following significant warnings:
     WARNING: installation-time patches will not be applied, could not get the patches index
Flavor: r-devel-windows-x86_64-gcc10-UCRT

Version: 1.3.1
Check: PDF version of manual
Result: WARN
    LaTeX errors when creating PDF version.
    This typically indicates Rd problems.
Flavor: r-devel-windows-x86_64-gcc10-UCRT

Version: 1.3.1
Check: PDF version of manual without hyperrefs or index
Result: ERROR
    Re-running with no redirection of stdout/stderr.
Flavor: r-devel-windows-x86_64-gcc10-UCRT