CRAN Package Check Results for Package FishResp

Last updated on 2022-11-30 18:50:22 CET.

Flavor Version Tinstall Tcheck Ttotal Status Flags
r-devel-linux-x86_64-debian-clang 1.1.1 21.33 120.59 141.92 OK
r-devel-linux-x86_64-debian-gcc 1.1.1 15.26 88.17 103.43 OK
r-devel-linux-x86_64-fedora-clang 1.1.1 184.90 NOTE
r-devel-linux-x86_64-fedora-gcc 1.1.1 178.69 OK
r-devel-windows-x86_64 1.1.1 27.00 151.00 178.00 NOTE
r-patched-linux-x86_64 1.1.1 29.42 110.63 140.05 OK
r-release-linux-x86_64 1.1.1 22.13 111.22 133.35 OK
r-release-macos-arm64 1.1.1 48.00 NOTE
r-release-macos-x86_64 1.1.1 60.00 NOTE
r-release-windows-x86_64 1.1.1 39.00 148.00 187.00 NOTE
r-oldrel-macos-arm64 1.1.1 48.00 NOTE
r-oldrel-macos-x86_64 1.1.1 67.00 NOTE
r-oldrel-windows-ix86+x86_64 1.1.1 38.00 128.00 166.00 NOTE

Check Details

Version: 1.1.1
Check: installed package size
Result: NOTE
     installed size is 5.6Mb
     sub-directories of 1Mb or more:
     data 1.4Mb
     extdata 3.8Mb
Flavors: r-devel-linux-x86_64-fedora-clang, r-devel-windows-x86_64, r-release-macos-arm64, r-release-macos-x86_64, r-release-windows-x86_64, r-oldrel-macos-arm64, r-oldrel-macos-x86_64, r-oldrel-windows-ix86+x86_64