CRAN Package Check Results for Package Fiscore

Last updated on 2021-11-26 19:52:50 CET.

Flavor Version Tinstall Tcheck Ttotal Status Flags
r-devel-linux-x86_64-debian-clang 0.1.3 4.01 65.01 69.02 OK
r-devel-linux-x86_64-debian-gcc 0.1.3 3.32 47.82 51.14 OK
r-devel-linux-x86_64-fedora-clang 0.1.3 91.25 NOTE
r-devel-linux-x86_64-fedora-gcc 0.1.3 80.88 NOTE
r-devel-windows-x86_64-new-UL 0.1.3 15.00 119.00 134.00 NOTE
r-devel-windows-x86_64-new-TK 0.1.3 NOTE
r-devel-windows-x86_64-old 0.1.3 7.00 81.00 88.00 NOTE
r-patched-linux-x86_64 0.1.3 4.12 60.08 64.20 OK
r-patched-solaris-x86 0.1.3 85.60 NOTE
r-release-linux-x86_64 0.1.3 OK
r-release-macos-arm64 0.1.3 NOTE
r-release-macos-x86_64 0.1.3 NOTE
r-release-windows-ix86+x86_64 0.1.3 10.00 104.00 114.00 NOTE
r-oldrel-macos-x86_64 0.1.3 NOTE
r-oldrel-windows-ix86+x86_64 0.1.3 11.00 93.00 104.00 NOTE

Check Details

Version: 0.1.3
Check: installed package size
Result: NOTE
     installed size is 6.8Mb
     sub-directories of 1Mb or more:
     doc 5.8Mb
Flavors: r-devel-linux-x86_64-fedora-clang, r-devel-windows-x86_64-new-UL, r-devel-windows-x86_64-old, r-patched-solaris-x86, r-release-macos-arm64, r-release-macos-x86_64, r-release-windows-ix86+x86_64, r-oldrel-macos-x86_64, r-oldrel-windows-ix86+x86_64

Version: 0.1.3
Check: dependencies in R code
Result: NOTE
    Namespaces in Imports field not imported from:
     ‘knitr’ ‘rmarkdown’
     All declared Imports should be used.
Flavors: r-devel-linux-x86_64-fedora-clang, r-devel-linux-x86_64-fedora-gcc, r-devel-windows-x86_64-new-TK, r-patched-solaris-x86, r-release-macos-arm64, r-release-macos-x86_64, r-oldrel-macos-x86_64