CRAN Package Check Results for Package FinancialMath

Last updated on 2024-03-01 06:52:41 CET.

Flavor Version Tinstall Tcheck Ttotal Status Flags
r-devel-linux-x86_64-debian-clang 0.1.1 10.09 53.15 63.24 NOTE
r-devel-linux-x86_64-debian-gcc 0.1.1 7.03 39.23 46.26 NOTE
r-devel-linux-x86_64-fedora-clang 0.1.1 82.07 NOTE
r-devel-linux-x86_64-fedora-gcc 0.1.1 71.89 NOTE
r-devel-windows-x86_64 0.1.1 10.00 57.00 67.00 NOTE
r-patched-linux-x86_64 0.1.1 10.90 50.67 61.57 NOTE
r-release-linux-x86_64 0.1.1 6.86 51.53 58.39 NOTE
r-release-macos-arm64 0.1.1 22.00 NOTE
r-release-macos-x86_64 0.1.1 36.00 NOTE
r-release-windows-x86_64 0.1.1 12.00 64.00 76.00 NOTE
r-oldrel-macos-arm64 0.1.1 21.00 NOTE
r-oldrel-windows-x86_64 0.1.1 15.00 65.00 80.00 NOTE

Check Details

Version: 0.1.1
Check: LazyData
Result: NOTE 'LazyData' is specified without a 'data' directory Flavors: r-devel-linux-x86_64-debian-clang, r-devel-linux-x86_64-debian-gcc, r-devel-linux-x86_64-fedora-clang, r-devel-linux-x86_64-fedora-gcc, r-devel-windows-x86_64, r-patched-linux-x86_64, r-release-linux-x86_64, r-release-macos-arm64, r-release-macos-x86_64, r-release-windows-x86_64, r-oldrel-macos-arm64, r-oldrel-windows-x86_64