CRAN Package Check Results for Package FeatureHashing

Last updated on 2022-09-24 21:51:02 CEST.

Flavor Version Tinstall Tcheck Ttotal Status Flags
r-devel-linux-x86_64-debian-clang 0.9.1.4 77.80 133.06 210.86 WARN
r-devel-linux-x86_64-debian-gcc 0.9.1.4 64.49 101.26 165.75 OK
r-devel-linux-x86_64-fedora-clang 0.9.1.4 294.64 WARN
r-devel-linux-x86_64-fedora-gcc 0.9.1.4 282.45 OK
r-devel-windows-x86_64 0.9.1.4 100.00 193.00 293.00 OK
r-patched-linux-x86_64 0.9.1.4 62.82 131.96 194.78 OK
r-release-linux-x86_64 0.9.1.4 63.25 129.27 192.52 OK
r-release-macos-arm64 0.9.1.4 73.00 OK
r-release-macos-x86_64 0.9.1.4 104.00 OK
r-release-windows-x86_64 0.9.1.4 97.00 190.00 287.00 OK
r-oldrel-macos-arm64 0.9.1.4 87.00 NOTE
r-oldrel-macos-x86_64 0.9.1.4 151.00 OK
r-oldrel-windows-ix86+x86_64 0.9.1.4 198.00 239.00 437.00 OK

Additional issues

clang14

Check Details

Version: 0.9.1.4
Check: whether package can be installed
Result: WARN
    Found the following significant warnings:
     ./vector_converter.h:249:9: warning: use of bitwise '|' with boolean operands [-Wbitwise-instead-of-logical]
     ./vector_converter.h:259:9: warning: use of bitwise '|' with boolean operands [-Wbitwise-instead-of-logical]
Flavors: r-devel-linux-x86_64-debian-clang, r-devel-linux-x86_64-fedora-clang

Version: 0.9.1.4
Check: installed package size
Result: NOTE
     installed size is 5.7Mb
     sub-directories of 1Mb or more:
     libs 5.0Mb
Flavor: r-oldrel-macos-arm64