CRAN Package Check Results for Package FastRCS

Last updated on 2024-02-21 06:53:09 CET.

Flavor Version Tinstall Tcheck Ttotal Status Flags
r-devel-linux-x86_64-debian-clang 0.0.8 NOTE
r-devel-linux-x86_64-debian-gcc 0.0.8 32.02 22.77 54.79 NOTE
r-devel-linux-x86_64-fedora-clang 0.0.8 76.58 NOTE
r-devel-linux-x86_64-fedora-gcc 0.0.8 89.07 NOTE
r-devel-windows-x86_64 0.0.8 27.00 66.00 93.00 NOTE
r-patched-linux-x86_64 0.0.8 41.22 28.73 69.95 NOTE
r-release-linux-x86_64 0.0.8 35.37 28.11 63.48 NOTE
r-release-macos-arm64 0.0.8 35.00 NOTE
r-release-macos-x86_64 0.0.8 46.00 NOTE
r-release-windows-x86_64 0.0.8 32.00 77.00 109.00 NOTE
r-oldrel-macos-arm64 0.0.8 34.00 NOTE
r-oldrel-windows-x86_64 0.0.8 31.00 72.00 103.00 OK

Check Details

Version: 0.0.8
Check: C++ specification
Result: NOTE Specified C++11: please drop specification unless essential Flavors: r-devel-linux-x86_64-debian-clang, r-devel-linux-x86_64-debian-gcc, r-devel-linux-x86_64-fedora-clang, r-devel-linux-x86_64-fedora-gcc, r-devel-windows-x86_64, r-patched-linux-x86_64, r-release-linux-x86_64, r-release-macos-arm64, r-release-macos-x86_64, r-release-windows-x86_64

Version: 0.0.8
Check: Rd files
Result: NOTE checkRd: (-1) Lemons.Rd:3: Escaped LaTeX specials: \& checkRd: (-1) Lemons.Rd:5: Escaped LaTeX specials: \& Flavors: r-devel-linux-x86_64-debian-clang, r-devel-linux-x86_64-debian-gcc, r-devel-linux-x86_64-fedora-clang, r-devel-linux-x86_64-fedora-gcc, r-devel-windows-x86_64, r-patched-linux-x86_64, r-release-linux-x86_64, r-release-macos-arm64, r-release-macos-x86_64, r-release-windows-x86_64

Version: 0.0.8
Check: Rd metadata
Result: NOTE Invalid package aliases in Rd file 'FastRCS-package.Rd': ‘FastPCS-package’ Flavors: r-devel-linux-x86_64-debian-clang, r-devel-linux-x86_64-debian-gcc, r-devel-linux-x86_64-fedora-clang, r-devel-linux-x86_64-fedora-gcc, r-devel-windows-x86_64

Version: 0.0.8
Check: installed package size
Result: NOTE installed size is 17.8Mb sub-directories of 1Mb or more: libs 17.7Mb Flavors: r-release-macos-arm64, r-release-macos-x86_64, r-oldrel-macos-arm64