CRAN Package Check Results for Package FastGaSP

Last updated on 2021-11-26 19:52:49 CET.

Flavor Version Tinstall Tcheck Ttotal Status Flags
r-devel-linux-x86_64-debian-clang 0.5.2 41.66 33.34 75.00 OK
r-devel-linux-x86_64-debian-gcc 0.5.2 32.00 27.32 59.32 OK
r-devel-linux-x86_64-fedora-clang 0.5.2 114.26 NOTE
r-devel-linux-x86_64-fedora-gcc 0.5.2 101.62 NOTE
r-devel-windows-x86_64-new-UL 0.5.2 58.00 110.00 168.00 OK
r-devel-windows-x86_64-new-TK 0.5.2 NOTE
r-devel-windows-x86_64-old 0.5.2 47.00 81.00 128.00 OK
r-patched-linux-x86_64 0.5.2 41.52 33.33 74.85 OK
r-patched-solaris-x86 0.5.2 107.10 NOTE
r-release-linux-x86_64 0.5.2 OK
r-release-macos-arm64 0.5.2 NOTE
r-release-macos-x86_64 0.5.2 NOTE
r-release-windows-ix86+x86_64 0.5.2 97.00 65.00 162.00 OK
r-oldrel-macos-x86_64 0.5.2 NOTE
r-oldrel-windows-ix86+x86_64 0.5.2 66.00 88.00 154.00 OK

Check Details

Version: 0.5.2
Check: installed package size
Result: NOTE
     installed size is 8.8Mb
     sub-directories of 1Mb or more:
     libs 8.5Mb
Flavors: r-devel-linux-x86_64-fedora-clang, r-release-macos-arm64, r-release-macos-x86_64, r-oldrel-macos-x86_64

Version: 0.5.2
Check: dependencies in R code
Result: NOTE
    Namespace in Imports field not imported from: ‘RobustGaSP’
     All declared Imports should be used.
Flavors: r-devel-linux-x86_64-fedora-clang, r-devel-linux-x86_64-fedora-gcc, r-devel-windows-x86_64-new-TK, r-patched-solaris-x86, r-release-macos-arm64, r-release-macos-x86_64, r-oldrel-macos-x86_64